Last updated on 2024-08-07 00:49:11 CEST.
Flavor | Version | Tinstall | Tcheck | Ttotal | Status | Flags |
---|---|---|---|---|---|---|
r-devel-linux-x86_64-debian-clang | 1.1.4 | 37.89 | 37.42 | 75.31 | OK | |
r-devel-linux-x86_64-debian-gcc | 1.1.4 | 26.71 | 29.15 | 55.86 | OK | |
r-devel-linux-x86_64-fedora-clang | 1.1.4 | 132.81 | OK | |||
r-devel-linux-x86_64-fedora-gcc | 1.1.4 | 144.08 | OK | |||
r-devel-windows-x86_64 | 1.1.4 | 39.00 | 87.00 | 126.00 | OK | |
r-patched-linux-x86_64 | 1.1.4 | 35.95 | 37.14 | 73.09 | OK | |
r-release-linux-x86_64 | 1.1.4 | 36.08 | 37.25 | 73.33 | OK | |
r-release-macos-arm64 | 1.1.4 | 36.00 | NOTE | |||
r-release-macos-x86_64 | 1.1.4 | 54.00 | NOTE | |||
r-release-windows-x86_64 | 1.1.4 | 40.00 | 90.00 | 130.00 | OK | |
r-oldrel-macos-arm64 | 1.1.4 | 45.00 | NOTE | |||
r-oldrel-macos-x86_64 | 1.1.4 | 69.00 | NOTE | |||
r-oldrel-windows-x86_64 | 1.1.4 | 48.00 | 101.00 | 149.00 | OK |
Version: 1.1.4
Check: installed package size
Result: NOTE
installed size is 6.1Mb
sub-directories of 1Mb or more:
libs 6.0Mb
Flavors: r-release-macos-arm64, r-release-macos-x86_64, r-oldrel-macos-arm64, r-oldrel-macos-x86_64