Last updated on 2024-08-07 00:49:11 CEST.
Flavor | Version | Tinstall | Tcheck | Ttotal | Status | Flags |
---|---|---|---|---|---|---|
r-devel-linux-x86_64-debian-clang | 0.1.7 | 13.85 | 63.10 | 76.95 | OK | |
r-devel-linux-x86_64-debian-gcc | 0.1.7 | 9.68 | 47.00 | 56.68 | OK | |
r-devel-linux-x86_64-fedora-clang | 0.1.7 | 125.84 | OK | |||
r-devel-linux-x86_64-fedora-gcc | 0.1.7 | 115.94 | OK | |||
r-devel-windows-x86_64 | 0.1.7 | 17.00 | 79.00 | 96.00 | OK | |
r-patched-linux-x86_64 | 0.1.7 | 14.38 | 60.43 | 74.81 | OK | |
r-release-linux-x86_64 | 0.1.7 | 13.86 | 61.52 | 75.38 | OK | |
r-release-macos-arm64 | 0.1.7 | 42.00 | OK | |||
r-release-macos-x86_64 | 0.1.7 | 57.00 | OK | |||
r-release-windows-x86_64 | 0.1.7 | 16.00 | 79.00 | 95.00 | OK | |
r-oldrel-macos-arm64 | 0.1.7 | 47.00 | NOTE | |||
r-oldrel-macos-x86_64 | 0.1.7 | 66.00 | OK | |||
r-oldrel-windows-x86_64 | 0.1.7 | 21.00 | 99.00 | 120.00 | OK |
Version: 0.1.7
Check: package dependencies
Result: NOTE
Package suggested but not available for checking: ‘GEOquery’
Flavor: r-oldrel-macos-arm64