Last updated on 2024-08-07 00:49:11 CEST.
Flavor | Version | Tinstall | Tcheck | Ttotal | Status | Flags |
---|---|---|---|---|---|---|
r-devel-linux-x86_64-debian-clang | 1.0.1 | 36.45 | 75.57 | 112.02 | OK | |
r-devel-linux-x86_64-debian-gcc | 1.0.1 | 25.89 | 60.73 | 86.62 | OK | |
r-devel-linux-x86_64-fedora-clang | 1.0.1 | 191.85 | OK | |||
r-devel-linux-x86_64-fedora-gcc | 1.0.1 | 190.76 | OK | |||
r-devel-windows-x86_64 | 1.0.1 | 41.00 | 101.00 | 142.00 | NOTE | |
r-patched-linux-x86_64 | 1.0.1 | 34.61 | 71.54 | 106.15 | OK | |
r-release-linux-x86_64 | 1.0.1 | 32.04 | 72.14 | 104.18 | OK | |
r-release-macos-arm64 | 1.0.1 | 52.00 | NOTE | |||
r-release-macos-x86_64 | 1.0.1 | 77.00 | NOTE | |||
r-release-windows-x86_64 | 1.0.1 | 38.00 | 104.00 | 142.00 | NOTE | |
r-oldrel-macos-arm64 | 1.0.1 | 58.00 | NOTE | |||
r-oldrel-macos-x86_64 | 1.0.1 | 115.00 | NOTE | |||
r-oldrel-windows-x86_64 | 1.0.1 | 51.00 | 125.00 | 176.00 | NOTE |
Version: 1.0.1
Check: installed package size
Result: NOTE
installed size is 5.1Mb
sub-directories of 1Mb or more:
documents 2.4Mb
libs 1.1Mb
screenshots 1.6Mb
Flavors: r-devel-windows-x86_64, r-release-macos-arm64, r-release-macos-x86_64, r-release-windows-x86_64, r-oldrel-macos-arm64, r-oldrel-macos-x86_64, r-oldrel-windows-x86_64