Last updated on 2024-08-07 00:49:11 CEST.
Flavor | Version | Tinstall | Tcheck | Ttotal | Status | Flags |
---|---|---|---|---|---|---|
r-devel-linux-x86_64-debian-clang | 0.1.0 | 30.34 | 277.65 | 307.99 | NOTE | |
r-devel-linux-x86_64-debian-gcc | 0.1.0 | 19.57 | 181.91 | 201.48 | NOTE | |
r-devel-linux-x86_64-fedora-clang | 0.1.0 | 500.24 | NOTE | |||
r-devel-linux-x86_64-fedora-gcc | 0.1.0 | 478.34 | NOTE | |||
r-devel-windows-x86_64 | 0.1.0 | 28.00 | 220.00 | 248.00 | NOTE | |
r-patched-linux-x86_64 | 0.1.0 | 27.85 | 261.29 | 289.14 | NOTE | |
r-release-linux-x86_64 | 0.1.0 | 26.27 | 265.73 | 292.00 | NOTE | |
r-release-macos-arm64 | 0.1.0 | 124.00 | NOTE | |||
r-release-macos-x86_64 | 0.1.0 | 214.00 | NOTE | |||
r-release-windows-x86_64 | 0.1.0 | 27.00 | 217.00 | 244.00 | NOTE | |
r-oldrel-macos-arm64 | 0.1.0 | 135.00 | OK | |||
r-oldrel-macos-x86_64 | 0.1.0 | 222.00 | OK | |||
r-oldrel-windows-x86_64 | 0.1.0 | 39.00 | 286.00 | 325.00 | OK |
Version: 0.1.0
Check: Rd files
Result: NOTE
checkRd: (-1) calcEto.Rd:63-64: Lost braces
63 | \code{ET.Daily:} {daily estimations of reference crop evapotranspiration
| ^
checkRd: (-1) calcEto.Rd:66-67: Lost braces
66 | \code{Ra.Daily:} {daily estimations of extraterristrial radiation
| ^
checkRd: (-1) calcEto.Rd:69-70: Lost braces
69 | \code{Slope.Daily:} {daily estimations of slope of vapour pressure curve
| ^
checkRd: (-1) calcEto.Rd:72: Lost braces; missing escapes or markup?
72 | \code{ET.type:} {type of the estimation obtained}
| ^
Flavors: r-devel-linux-x86_64-debian-clang, r-devel-linux-x86_64-debian-gcc, r-devel-linux-x86_64-fedora-clang, r-devel-linux-x86_64-fedora-gcc, r-devel-windows-x86_64, r-patched-linux-x86_64, r-release-linux-x86_64, r-release-macos-arm64, r-release-macos-x86_64, r-release-windows-x86_64