Last updated on 2024-08-07 00:49:12 CEST.
Flavor | Version | Tinstall | Tcheck | Ttotal | Status | Flags |
---|---|---|---|---|---|---|
r-devel-linux-x86_64-debian-clang | 2.2.3 | 68.03 | 126.14 | 194.17 | OK | |
r-devel-linux-x86_64-debian-gcc | 2.2.3 | 60.52 | 94.22 | 154.74 | OK | |
r-devel-linux-x86_64-fedora-clang | 2.2.3 | 303.41 | OK | |||
r-devel-linux-x86_64-fedora-gcc | 2.2.3 | 370.37 | OK | |||
r-devel-windows-x86_64 | 2.2.3 | 71.00 | 124.00 | 195.00 | OK | |
r-patched-linux-x86_64 | 2.2.3 | 82.61 | 122.11 | 204.72 | OK | |
r-release-linux-x86_64 | 2.2.3 | 79.62 | 121.80 | 201.42 | OK | |
r-release-macos-arm64 | 2.2.3 | 112.00 | NOTE | |||
r-release-macos-x86_64 | 2.2.3 | 131.00 | NOTE | |||
r-release-windows-x86_64 | 2.2.3 | 76.00 | 121.00 | 197.00 | OK | |
r-oldrel-macos-arm64 | 2.2.3 | 81.00 | NOTE | |||
r-oldrel-macos-x86_64 | 2.2.3 | 160.00 | NOTE | |||
r-oldrel-windows-x86_64 | 2.2.3 | 91.00 | 149.00 | 240.00 | OK |
Version: 2.2.3
Check: installed package size
Result: NOTE
installed size is 5.2Mb
sub-directories of 1Mb or more:
libs 4.7Mb
Flavors: r-release-macos-arm64, r-release-macos-x86_64, r-oldrel-macos-arm64, r-oldrel-macos-x86_64