Last updated on 2024-08-07 00:49:12 CEST.
Flavor | Version | Tinstall | Tcheck | Ttotal | Status | Flags |
---|---|---|---|---|---|---|
r-devel-linux-x86_64-debian-clang | 1.0.5 | 10.61 | 46.53 | 57.14 | OK | |
r-devel-linux-x86_64-debian-gcc | 1.0.5 | 6.81 | 31.21 | 38.02 | OK | |
r-devel-linux-x86_64-fedora-clang | 1.0.5 | 96.01 | OK | |||
r-devel-linux-x86_64-fedora-gcc | 1.0.5 | 83.95 | OK | |||
r-devel-windows-x86_64 | 1.0.5 | 12.00 | 70.00 | 82.00 | NOTE | |
r-patched-linux-x86_64 | 1.0.5 | 8.70 | 41.76 | 50.46 | OK | |
r-release-linux-x86_64 | 1.0.5 | 8.13 | 41.97 | 50.10 | OK | |
r-release-macos-arm64 | 1.0.5 | 35.00 | OK | |||
r-release-macos-x86_64 | 1.0.5 | 44.00 | OK | |||
r-release-windows-x86_64 | 1.0.5 | 12.00 | 70.00 | 82.00 | NOTE | |
r-oldrel-macos-arm64 | 1.0.5 | 33.00 | OK | |||
r-oldrel-macos-x86_64 | 1.0.5 | 53.00 | OK | |||
r-oldrel-windows-x86_64 | 1.0.5 | 14.00 | 81.00 | 95.00 | NOTE |
Version: 1.0.5
Check: C++ specification
Result: NOTE
Specified C++11: please drop specification unless essential
Flavors: r-devel-windows-x86_64, r-release-windows-x86_64, r-oldrel-windows-x86_64