Last updated on 2024-08-07 00:49:11 CEST.
Flavor | Version | Tinstall | Tcheck | Ttotal | Status | Flags |
---|---|---|---|---|---|---|
r-devel-linux-x86_64-debian-clang | 0.9.0 | 9.00 | 234.74 | 243.74 | OK | |
r-devel-linux-x86_64-debian-gcc | 0.9.0 | 6.31 | 157.95 | 164.26 | OK | |
r-devel-linux-x86_64-fedora-clang | 0.9.0 | 395.80 | OK | |||
r-devel-linux-x86_64-fedora-gcc | 0.9.0 | 395.20 | OK | |||
r-devel-windows-x86_64 | 0.9.0 | 11.00 | 235.00 | 246.00 | OK | |
r-patched-linux-x86_64 | 0.9.0 | 11.23 | 223.29 | 234.52 | OK | |
r-release-linux-x86_64 | 0.9.0 | 8.33 | 223.53 | 231.86 | OK | |
r-release-macos-arm64 | 0.9.0 | 57.00 | NOTE | |||
r-release-macos-x86_64 | 0.9.0 | 185.00 | OK | |||
r-release-windows-x86_64 | 0.9.0 | 10.00 | 231.00 | 241.00 | OK | |
r-oldrel-macos-arm64 | 0.9.0 | 62.00 | NOTE | |||
r-oldrel-macos-x86_64 | 0.9.0 | 103.00 | NOTE | |||
r-oldrel-windows-x86_64 | 0.9.0 | 14.00 | 294.00 | 308.00 | OK |
Version: 0.9.0
Check: package dependencies
Result: NOTE
Package suggested but not available for checking: ‘reactome.db’
Flavors: r-release-macos-arm64, r-oldrel-macos-arm64, r-oldrel-macos-x86_64