Last updated on 2024-08-07 00:49:12 CEST.
Flavor | Version | Tinstall | Tcheck | Ttotal | Status | Flags |
---|---|---|---|---|---|---|
r-devel-linux-x86_64-debian-clang | 0.0.3 | 901.55 | 177.89 | 1079.44 | NOTE | |
r-devel-linux-x86_64-debian-gcc | 0.0.3 | 737.97 | 183.71 | 921.68 | NOTE | |
r-devel-linux-x86_64-fedora-clang | 0.0.3 | 1621.93 | NOTE | |||
r-devel-linux-x86_64-fedora-gcc | 0.0.3 | 2452.73 | NOTE | |||
r-devel-windows-x86_64 | 0.0.3 | 824.00 | 270.00 | 1094.00 | NOTE | |
r-patched-linux-x86_64 | 0.0.3 | 902.34 | 245.60 | 1147.94 | NOTE | |
r-release-linux-x86_64 | 0.0.3 | 918.43 | 241.70 | 1160.13 | NOTE | |
r-release-macos-arm64 | 0.0.3 | 439.00 | NOTE | |||
r-release-macos-x86_64 | 0.0.3 | 482.00 | NOTE | |||
r-release-windows-x86_64 | 0.0.3 | 838.00 | 262.00 | 1100.00 | NOTE | |
r-oldrel-macos-arm64 | 0.0.3 | 440.00 | NOTE | |||
r-oldrel-macos-x86_64 | 0.0.3 | 426.00 | NOTE | |||
r-oldrel-windows-x86_64 | 0.0.3 | 1124.00 | 321.00 | 1445.00 | NOTE |
Version: 0.0.3
Check: for GNU extensions in Makefiles
Result: NOTE
GNU make is a SystemRequirements.
Flavors: r-devel-linux-x86_64-debian-clang, r-devel-linux-x86_64-debian-gcc, r-devel-linux-x86_64-fedora-clang, r-devel-linux-x86_64-fedora-gcc, r-devel-windows-x86_64, r-patched-linux-x86_64, r-release-linux-x86_64, r-release-macos-arm64, r-release-macos-x86_64, r-release-windows-x86_64, r-oldrel-macos-arm64, r-oldrel-macos-x86_64, r-oldrel-windows-x86_64
Version: 0.0.3
Check: installed package size
Result: NOTE
installed size is 9.8Mb
sub-directories of 1Mb or more:
libs 9.3Mb
Flavors: r-devel-linux-x86_64-fedora-clang, r-devel-windows-x86_64, r-release-macos-arm64, r-release-macos-x86_64, r-release-windows-x86_64, r-oldrel-macos-arm64, r-oldrel-macos-x86_64, r-oldrel-windows-x86_64
Version: 0.0.3
Check: dependencies in R code
Result: NOTE
Namespaces in Imports field not imported from:
‘RcppParallel’ ‘rstantools’
All declared Imports should be used.
Flavors: r-devel-linux-x86_64-fedora-clang, r-devel-linux-x86_64-fedora-gcc