Last updated on 2024-08-07 00:49:12 CEST.
Flavor | Version | Tinstall | Tcheck | Ttotal | Status | Flags |
---|---|---|---|---|---|---|
r-devel-linux-x86_64-debian-clang | 0.1.0 | 25.29 | 71.16 | 96.45 | OK | |
r-devel-linux-x86_64-debian-gcc | 0.1.0 | 17.66 | 51.77 | 69.43 | OK | |
r-devel-linux-x86_64-fedora-clang | 0.1.0 | 164.82 | NOTE | |||
r-devel-linux-x86_64-fedora-gcc | 0.1.0 | 160.24 | NOTE | |||
r-devel-windows-x86_64 | 0.1.0 | 28.00 | 106.00 | 134.00 | OK | |
r-patched-linux-x86_64 | 0.1.0 | 20.36 | 68.51 | 88.87 | OK | |
r-release-linux-x86_64 | 0.1.0 | 23.60 | 68.21 | 91.81 | OK | |
r-release-macos-arm64 | 0.1.0 | 46.00 | OK | |||
r-release-macos-x86_64 | 0.1.0 | 88.00 | OK | |||
r-release-windows-x86_64 | 0.1.0 | 28.00 | 105.00 | 133.00 | OK | |
r-oldrel-macos-arm64 | 0.1.0 | 51.00 | OK | |||
r-oldrel-macos-x86_64 | 0.1.0 | 85.00 | OK | |||
r-oldrel-windows-x86_64 | 0.1.0 | 33.00 | 126.00 | 159.00 | OK |
Version: 0.1.0
Check: dependencies in R code
Result: NOTE
Namespace in Imports field not imported from: ‘FastGP’
All declared Imports should be used.
Flavors: r-devel-linux-x86_64-fedora-clang, r-devel-linux-x86_64-fedora-gcc