Last updated on 2024-08-07 00:49:12 CEST.
Flavor | Version | Tinstall | Tcheck | Ttotal | Status | Flags |
---|---|---|---|---|---|---|
r-devel-linux-x86_64-debian-clang | 1.1.2 | 83.13 | 192.38 | 275.51 | OK | |
r-devel-linux-x86_64-debian-gcc | 1.1.2 | 62.15 | 136.44 | 198.59 | OK | |
r-devel-linux-x86_64-fedora-clang | 1.1.2 | 541.28 | OK | |||
r-devel-linux-x86_64-fedora-gcc | 1.1.2 | 603.96 | OK | |||
r-devel-windows-x86_64 | 1.1.2 | 85.00 | 516.00 | 601.00 | OK | |
r-patched-linux-x86_64 | 1.1.2 | 84.99 | 193.86 | 278.85 | OK | |
r-release-linux-x86_64 | 1.1.2 | 93.50 | 193.63 | 287.13 | OK | |
r-release-macos-arm64 | 1.1.2 | 143.00 | NOTE | |||
r-release-macos-x86_64 | 1.1.2 | 191.00 | NOTE | |||
r-release-windows-x86_64 | 1.1.2 | 89.00 | 515.00 | 604.00 | OK | |
r-oldrel-macos-arm64 | 1.1.2 | 145.00 | NOTE | |||
r-oldrel-macos-x86_64 | 1.1.2 | 329.00 | NOTE | |||
r-oldrel-windows-x86_64 | 1.1.2 | 107.00 | 541.00 | 648.00 | OK |
Version: 1.1.2
Check: installed package size
Result: NOTE
installed size is 13.0Mb
sub-directories of 1Mb or more:
libs 12.7Mb
Flavors: r-release-macos-arm64, r-release-macos-x86_64, r-oldrel-macos-arm64, r-oldrel-macos-x86_64