Last updated on 2024-08-07 00:49:12 CEST.
Flavor | Version | Tinstall | Tcheck | Ttotal | Status | Flags |
---|---|---|---|---|---|---|
r-devel-linux-x86_64-debian-clang | 2.2 | 92.91 | 133.39 | 226.30 | NOTE | |
r-devel-linux-x86_64-debian-gcc | 2.2 | 67.23 | 91.65 | 158.88 | NOTE | |
r-devel-linux-x86_64-fedora-clang | 2.2 | 398.85 | NOTE | |||
r-devel-linux-x86_64-fedora-gcc | 2.2 | 419.02 | NOTE | |||
r-devel-windows-x86_64 | 2.2 | 100.00 | 174.00 | 274.00 | NOTE | |
r-patched-linux-x86_64 | 2.2 | 91.15 | 120.20 | 211.35 | NOTE | |
r-release-linux-x86_64 | 2.2 | 92.01 | 119.48 | 211.49 | NOTE | |
r-release-macos-arm64 | 2.2 | 114.00 | NOTE | |||
r-release-macos-x86_64 | 2.2 | 176.00 | NOTE | |||
r-release-windows-x86_64 | 2.2 | 99.00 | 170.00 | 269.00 | NOTE | |
r-oldrel-macos-arm64 | 2.2 | 151.00 | NOTE | |||
r-oldrel-macos-x86_64 | 2.2 | 235.00 | NOTE | |||
r-oldrel-windows-x86_64 | 2.2 | 115.00 | 201.00 | 316.00 | NOTE |
Version: 2.2
Check: C++ specification
Result: NOTE
Specified C++11: please drop specification unless essential
Flavors: r-devel-linux-x86_64-debian-clang, r-devel-linux-x86_64-debian-gcc, r-devel-linux-x86_64-fedora-clang, r-devel-linux-x86_64-fedora-gcc, r-devel-windows-x86_64, r-patched-linux-x86_64, r-release-linux-x86_64, r-release-macos-arm64, r-release-macos-x86_64, r-release-windows-x86_64, r-oldrel-macos-arm64, r-oldrel-macos-x86_64, r-oldrel-windows-x86_64
Version: 2.2
Check: installed package size
Result: NOTE
installed size is 8.1Mb
sub-directories of 1Mb or more:
libs 7.5Mb
Flavors: r-release-macos-arm64, r-release-macos-x86_64, r-oldrel-macos-arm64, r-oldrel-macos-x86_64