Last updated on 2024-08-07 00:49:12 CEST.
Flavor | Version | Tinstall | Tcheck | Ttotal | Status | Flags |
---|---|---|---|---|---|---|
r-devel-linux-x86_64-debian-clang | 1.0.1 | 18.09 | 140.66 | 158.75 | NOTE | |
r-devel-linux-x86_64-debian-gcc | 1.0.1 | 10.94 | 100.03 | 110.97 | NOTE | |
r-devel-linux-x86_64-fedora-clang | 1.0.1 | 269.50 | NOTE | |||
r-devel-linux-x86_64-fedora-gcc | 1.0.1 | 254.80 | NOTE | |||
r-devel-windows-x86_64 | 1.0.1 | 16.00 | 158.00 | 174.00 | NOTE | |
r-patched-linux-x86_64 | 1.0.1 | 14.73 | 135.67 | 150.40 | NOTE | |
r-release-linux-x86_64 | 1.0.1 | 16.31 | 136.75 | 153.06 | NOTE | |
r-release-macos-arm64 | 1.0.1 | 74.00 | NOTE | |||
r-release-macos-x86_64 | 1.0.1 | 123.00 | NOTE | |||
r-release-windows-x86_64 | 1.0.1 | 16.00 | 158.00 | 174.00 | NOTE | |
r-oldrel-macos-arm64 | 1.0.1 | 84.00 | OK | |||
r-oldrel-macos-x86_64 | 1.0.1 | 141.00 | OK | |||
r-oldrel-windows-x86_64 | 1.0.1 | 22.00 | 185.00 | 207.00 | OK |
Version: 1.0.1
Check: Rd files
Result: NOTE
checkRd: (-1) bma.bx.cy.Rd:69: Lost braces
69 | the initial values for parameters in models. For example, inits<-function(){list(alpha=0,beta=0,c=0,var1=0.5,r=1,lamda=0.01)}.
| ^
Flavors: r-devel-linux-x86_64-debian-clang, r-devel-linux-x86_64-debian-gcc, r-devel-linux-x86_64-fedora-clang, r-devel-linux-x86_64-fedora-gcc, r-devel-windows-x86_64, r-patched-linux-x86_64, r-release-linux-x86_64, r-release-macos-arm64, r-release-macos-x86_64, r-release-windows-x86_64