Last updated on 2024-08-07 00:49:12 CEST.
Flavor | Version | Tinstall | Tcheck | Ttotal | Status | Flags |
---|---|---|---|---|---|---|
r-devel-linux-x86_64-debian-clang | 1.2.0 | 42.84 | 457.67 | 500.51 | OK | |
r-devel-linux-x86_64-debian-gcc | 1.2.0 | 26.16 | 307.21 | 333.37 | OK | |
r-devel-linux-x86_64-fedora-clang | 1.2.0 | 834.87 | NOTE | |||
r-devel-linux-x86_64-fedora-gcc | 1.2.0 | 804.95 | NOTE | |||
r-devel-windows-x86_64 | 1.2.0 | 40.00 | 406.00 | 446.00 | OK | |
r-patched-linux-x86_64 | 1.2.0 | 41.66 | 442.47 | 484.13 | OK | |
r-release-linux-x86_64 | 1.2.0 | 38.34 | 452.41 | 490.75 | OK | |
r-release-macos-arm64 | 1.2.0 | 220.00 | ERROR | |||
r-release-macos-x86_64 | 1.2.0 | 591.00 | OK | |||
r-release-windows-x86_64 | 1.2.0 | 39.00 | 407.00 | 446.00 | OK | |
r-oldrel-macos-arm64 | 1.2.0 | 238.00 | ERROR | |||
r-oldrel-macos-x86_64 | 1.2.0 | 511.00 | ERROR | |||
r-oldrel-windows-x86_64 | 1.2.0 | 52.00 | 528.00 | 580.00 | OK |
Version: 1.2.0
Check: data for non-ASCII characters
Result: NOTE
Note: found 219 marked UTF-8 strings
Flavors: r-devel-linux-x86_64-fedora-clang, r-devel-linux-x86_64-fedora-gcc
Version: 1.2.0
Check: tests
Result: ERROR
Running ‘testthat.R’ [31s/39s]
Running the tests in ‘tests/testthat.R’ failed.
Last 13 lines of output:
══ Failed tests ════════════════════════════════════════════════════════════════
── Error ('test-formattedCombiner.R:65:1'): (code run outside of `test_that()`) ──
Error in `file(.)`: invalid 'description' argument
Backtrace:
▆
1. ├─BeeBDC::formattedCombiner(...) at test-formattedCombiner.R:65:1
2. │ └─... %>% xml2::read_xml()
3. ├─xml2::read_xml(.)
4. └─base::file(.)
[ FAIL 1 | WARN 4 | SKIP 0 | PASS 244 ]
Error: Test failures
Execution halted
Warning message:
Connection is garbage-collected, use dbDisconnect() to avoid this.
Flavor: r-release-macos-arm64
Version: 1.2.0
Check: tests
Result: ERROR
Running ‘testthat.R’ [30s/36s]
Running the tests in ‘tests/testthat.R’ failed.
Last 13 lines of output:
══ Failed tests ════════════════════════════════════════════════════════════════
── Error ('test-formattedCombiner.R:65:1'): (code run outside of `test_that()`) ──
Error in `file(.)`: invalid 'description' argument
Backtrace:
▆
1. ├─BeeBDC::formattedCombiner(...) at test-formattedCombiner.R:65:1
2. │ └─... %>% xml2::read_xml()
3. ├─xml2::read_xml(.)
4. └─base::file(.)
[ FAIL 1 | WARN 4 | SKIP 0 | PASS 244 ]
Error: Test failures
Execution halted
Warning message:
Connection is garbage-collected, use dbDisconnect() to avoid this.
Flavor: r-oldrel-macos-arm64
Version: 1.2.0
Check: running R code from vignettes
Result: ERROR
Errors in running code in vignettes:
when running code in ‘BeeBDC_main.Rmd’
...
> rm(testChecklist)
> check_space <- BeeBDC::countryOutlieRs(checklist = checklistFile,
+ data = check_space, keepAdjacentCountry = TRUE, pointBuffer = 0.05,
+ .... [TRUNCATED]
When sourcing ‘BeeBDC_main.R’:
Error: object 'checklistFile' not found
Execution halted
‘BeeBDC_main.Rmd’ using ‘UTF-8’... failed
‘basic_workflow.Rmd’ using ‘UTF-8’... [10s/11s] OK
Flavor: r-oldrel-macos-arm64
Version: 1.2.0
Check: running R code from vignettes
Result: ERROR
Errors in running code in vignettes:
when running code in ‘BeeBDC_main.Rmd’
...
> rm(testChecklist)
> check_space <- BeeBDC::countryOutlieRs(checklist = checklistFile,
+ data = check_space, keepAdjacentCountry = TRUE, pointBuffer = 0.05,
+ .... [TRUNCATED]
When sourcing ‘BeeBDC_main.R’:
Error: object 'checklistFile' not found
Execution halted
‘BeeBDC_main.Rmd’ using ‘UTF-8’... failed
‘basic_workflow.Rmd’ using ‘UTF-8’... [16s/27s] OK
Flavor: r-oldrel-macos-x86_64