Last updated on 2024-08-07 00:49:13 CEST.
Flavor | Version | Tinstall | Tcheck | Ttotal | Status | Flags |
---|---|---|---|---|---|---|
r-devel-linux-x86_64-debian-clang | 0.2 | 38.80 | 31.60 | 70.40 | OK | |
r-devel-linux-x86_64-debian-gcc | 0.2 | 26.85 | 23.98 | 50.83 | OK | |
r-devel-linux-x86_64-fedora-clang | 0.2 | 134.43 | OK | |||
r-devel-linux-x86_64-fedora-gcc | 0.2 | 135.96 | OK | |||
r-devel-windows-x86_64 | 0.2 | 43.00 | 68.00 | 111.00 | OK | |
r-patched-linux-x86_64 | 0.2 | 36.18 | 31.51 | 67.69 | OK | |
r-release-linux-x86_64 | 0.2 | 39.65 | 31.53 | 71.18 | OK | |
r-release-macos-arm64 | 0.2 | 35.00 | NOTE | |||
r-release-macos-x86_64 | 0.2 | 56.00 | NOTE | |||
r-release-windows-x86_64 | 0.2 | 44.00 | 68.00 | 112.00 | OK | |
r-oldrel-macos-arm64 | 0.2 | 52.00 | NOTE | |||
r-oldrel-macos-x86_64 | 0.2 | 73.00 | NOTE | |||
r-oldrel-windows-x86_64 | 0.2 | 51.00 | 79.00 | 130.00 | OK |
Version: 0.2
Check: installed package size
Result: NOTE
installed size is 5.7Mb
sub-directories of 1Mb or more:
libs 5.6Mb
Flavors: r-release-macos-arm64, r-release-macos-x86_64, r-oldrel-macos-arm64, r-oldrel-macos-x86_64