Last updated on 2024-08-07 00:49:13 CEST.
Flavor | Version | Tinstall | Tcheck | Ttotal | Status | Flags |
---|---|---|---|---|---|---|
r-devel-linux-x86_64-debian-clang | 1.5.2 | 15.59 | 69.11 | 84.70 | NOTE | |
r-devel-linux-x86_64-debian-gcc | 1.5.2 | 11.26 | 52.46 | 63.72 | NOTE | |
r-devel-linux-x86_64-fedora-clang | 1.5.2 | 143.63 | NOTE | |||
r-devel-linux-x86_64-fedora-gcc | 1.5.2 | 135.62 | NOTE | |||
r-devel-windows-x86_64 | 1.5.2 | 13.00 | 75.00 | 88.00 | NOTE | |
r-patched-linux-x86_64 | 1.5.2 | 18.26 | 66.34 | 84.60 | NOTE | |
r-release-linux-x86_64 | 1.5.2 | 15.26 | 67.29 | 82.55 | NOTE | |
r-release-macos-arm64 | 1.5.2 | 127.00 | OK | |||
r-release-macos-x86_64 | 1.5.2 | 96.00 | OK | |||
r-release-windows-x86_64 | 1.5.2 | 13.00 | 77.00 | 90.00 | OK | |
r-oldrel-macos-arm64 | 1.5.2 | 38.00 | OK | |||
r-oldrel-macos-x86_64 | 1.5.2 | 58.00 | OK | |||
r-oldrel-windows-x86_64 | 1.5.2 | 16.00 | 82.00 | 98.00 | OK |
Version: 1.5.2
Check: Rd cross-references
Result: NOTE
Found the following Rd file(s) with Rd \link{} targets missing package
anchors:
cct-class.Rd: rjags-class
Please provide package anchors for all Rd \link{} targets not in the
package itself and the base packages.
Flavors: r-devel-linux-x86_64-debian-clang, r-devel-linux-x86_64-debian-gcc, r-devel-windows-x86_64
Version: 1.5.2
Check: for non-standard things in the check directory
Result: NOTE
Found the following files/directories:
‘hotcold.csv’
Flavors: r-devel-linux-x86_64-debian-clang, r-devel-linux-x86_64-debian-gcc, r-devel-linux-x86_64-fedora-clang, r-devel-linux-x86_64-fedora-gcc, r-patched-linux-x86_64, r-release-linux-x86_64