Last updated on 2024-08-07 00:49:14 CEST.
Flavor | Version | Tinstall | Tcheck | Ttotal | Status | Flags |
---|---|---|---|---|---|---|
r-devel-linux-x86_64-debian-clang | 1.0.0 | 98.25 | 64.11 | 162.36 | NOTE | |
r-devel-linux-x86_64-debian-gcc | 1.0.0 | 71.46 | 47.24 | 118.70 | NOTE | |
r-devel-linux-x86_64-fedora-clang | 1.0.0 | 303.38 | NOTE | |||
r-devel-linux-x86_64-fedora-gcc | 1.0.0 | 348.79 | NOTE | |||
r-devel-windows-x86_64 | 1.0.0 | 113.00 | 103.00 | 216.00 | NOTE | |
r-patched-linux-x86_64 | 1.0.0 | 103.52 | 62.60 | 166.12 | NOTE | |
r-release-linux-x86_64 | 1.0.0 | 107.37 | 62.59 | 169.96 | NOTE | |
r-release-macos-arm64 | 1.0.0 | 76.00 | NOTE | |||
r-release-macos-x86_64 | 1.0.0 | 92.00 | NOTE | |||
r-release-windows-x86_64 | 1.0.0 | 115.00 | 104.00 | 219.00 | NOTE | |
r-oldrel-macos-arm64 | 1.0.0 | 88.00 | NOTE | |||
r-oldrel-macos-x86_64 | 1.0.0 | 156.00 | NOTE | |||
r-oldrel-windows-x86_64 | 1.0.0 | 133.00 | 118.00 | 251.00 | NOTE |
Version: 1.0.0
Check: C++ specification
Result: NOTE
Specified C++11: please drop specification unless essential
Flavors: r-devel-linux-x86_64-debian-clang, r-devel-linux-x86_64-debian-gcc, r-devel-linux-x86_64-fedora-clang, r-devel-linux-x86_64-fedora-gcc, r-devel-windows-x86_64, r-patched-linux-x86_64, r-release-linux-x86_64, r-release-macos-arm64, r-release-macos-x86_64, r-release-windows-x86_64, r-oldrel-macos-arm64, r-oldrel-macos-x86_64, r-oldrel-windows-x86_64
Version: 1.0.0
Check: installed package size
Result: NOTE
installed size is 16.2Mb
sub-directories of 1Mb or more:
doc 1.8Mb
libs 14.2Mb
Flavors: r-release-macos-arm64, r-release-macos-x86_64, r-oldrel-macos-arm64, r-oldrel-macos-x86_64