Last updated on 2024-08-07 00:49:14 CEST.
Flavor | Version | Tinstall | Tcheck | Ttotal | Status | Flags |
---|---|---|---|---|---|---|
r-devel-linux-x86_64-debian-clang | 2.6.0 | 2.57 | 26.18 | 28.75 | NOTE | |
r-devel-linux-x86_64-debian-gcc | 2.6.0 | 1.99 | 20.17 | 22.16 | NOTE | |
r-devel-linux-x86_64-fedora-clang | 2.6.0 | 46.52 | OK | |||
r-devel-linux-x86_64-fedora-gcc | 2.6.0 | 43.90 | OK | |||
r-devel-windows-x86_64 | 2.6.0 | 4.00 | 48.00 | 52.00 | NOTE | |
r-patched-linux-x86_64 | 2.6.0 | 5.69 | 25.00 | 30.69 | OK | |
r-release-linux-x86_64 | 2.6.0 | 2.67 | 25.21 | 27.88 | OK | |
r-release-macos-arm64 | 2.6.0 | 19.00 | OK | |||
r-release-macos-x86_64 | 2.6.0 | 25.00 | OK | |||
r-release-windows-x86_64 | 2.6.0 | 5.00 | 47.00 | 52.00 | OK | |
r-oldrel-macos-arm64 | 2.6.0 | 24.00 | OK | |||
r-oldrel-macos-x86_64 | 2.6.0 | 32.00 | OK | |||
r-oldrel-windows-x86_64 | 2.6.0 | 5.00 | 50.00 | 55.00 | OK |
Version: 2.6.0
Check: Rd cross-references
Result: NOTE
Found the following Rd file(s) with Rd \link{} targets missing package
anchors:
CPC.Rd: diana, pam, dbscan
Please provide package anchors for all Rd \link{} targets not in the
package itself and the base packages.
Flavors: r-devel-linux-x86_64-debian-clang, r-devel-linux-x86_64-debian-gcc, r-devel-windows-x86_64