Last updated on 2024-08-07 00:49:13 CEST.
Flavor | Version | Tinstall | Tcheck | Ttotal | Status | Flags |
---|---|---|---|---|---|---|
r-devel-linux-x86_64-debian-clang | 0.2.5 | 18.08 | 227.97 | 246.05 | OK | |
r-devel-linux-x86_64-debian-gcc | 0.2.5 | 12.77 | 175.20 | 187.97 | OK | |
r-devel-linux-x86_64-fedora-clang | 0.2.5 | 405.67 | OK | |||
r-devel-linux-x86_64-fedora-gcc | 0.2.5 | 414.44 | OK | |||
r-devel-windows-x86_64 | 0.2.5 | 17.00 | 230.00 | 247.00 | OK | |
r-patched-linux-x86_64 | 0.2.5 | 13.55 | 230.03 | 243.58 | OK | |
r-release-linux-x86_64 | 0.2.5 | 16.90 | 227.54 | 244.44 | OK | |
r-release-macos-arm64 | 0.2.5 | 133.00 | NOTE | |||
r-release-macos-x86_64 | 0.2.5 | 193.00 | OK | |||
r-release-windows-x86_64 | 0.2.5 | 18.00 | 229.00 | 247.00 | OK | |
r-oldrel-macos-arm64 | 0.2.5 | 147.00 | NOTE | |||
r-oldrel-macos-x86_64 | 0.2.5 | 352.00 | NOTE | |||
r-oldrel-windows-x86_64 | 0.2.5 | 24.00 | 314.00 | 338.00 | OK |
Version: 0.2.5
Check: package dependencies
Result: NOTE
Package suggested but not available for checking: ‘batchelor’
Flavors: r-release-macos-arm64, r-oldrel-macos-arm64, r-oldrel-macos-x86_64