Last updated on 2024-08-07 00:49:13 CEST.
Flavor | Version | Tinstall | Tcheck | Ttotal | Status | Flags |
---|---|---|---|---|---|---|
r-devel-linux-x86_64-debian-clang | 1.3.0 | 11.97 | 126.98 | 138.95 | NOTE | |
r-devel-linux-x86_64-debian-gcc | 1.3.0 | 7.24 | 86.70 | 93.94 | NOTE | |
r-devel-linux-x86_64-fedora-clang | 1.3.0 | 224.28 | NOTE | |||
r-devel-linux-x86_64-fedora-gcc | 1.3.0 | 229.29 | NOTE | |||
r-devel-windows-x86_64 | 1.3.0 | 12.00 | 143.00 | 155.00 | OK | |
r-patched-linux-x86_64 | 1.3.0 | 10.58 | 122.08 | 132.66 | NOTE | |
r-release-linux-x86_64 | 1.3.0 | 10.90 | 121.57 | 132.47 | NOTE | |
r-release-macos-arm64 | 1.3.0 | 67.00 | OK | |||
r-release-macos-x86_64 | 1.3.0 | 102.00 | OK | |||
r-release-windows-x86_64 | 1.3.0 | 13.00 | 147.00 | 160.00 | OK | |
r-oldrel-macos-arm64 | 1.3.0 | 73.00 | OK | |||
r-oldrel-macos-x86_64 | 1.3.0 | 132.00 | OK | |||
r-oldrel-windows-x86_64 | 1.3.0 | 16.00 | 164.00 | 180.00 | OK |
Version: 1.3.0
Check: for non-standard things in the check directory
Result: NOTE
Found the following files/directories:
‘MDA231_tree.pdf’
Flavors: r-devel-linux-x86_64-debian-clang, r-devel-linux-x86_64-debian-gcc, r-devel-linux-x86_64-fedora-clang, r-devel-linux-x86_64-fedora-gcc, r-patched-linux-x86_64, r-release-linux-x86_64