Last updated on 2024-08-07 00:49:13 CEST.
Flavor | Version | Tinstall | Tcheck | Ttotal | Status | Flags |
---|---|---|---|---|---|---|
r-devel-linux-x86_64-debian-clang | 0.3 | 61.68 | 110.15 | 171.83 | NOTE | |
r-devel-linux-x86_64-debian-gcc | 0.3 | 41.87 | 80.73 | 122.60 | NOTE | |
r-devel-linux-x86_64-fedora-clang | 0.3 | 303.61 | NOTE | |||
r-devel-linux-x86_64-fedora-gcc | 0.3 | 304.13 | NOTE | |||
r-devel-windows-x86_64 | 0.3 | 71.00 | 139.00 | 210.00 | NOTE | |
r-patched-linux-x86_64 | 0.3 | 59.30 | 105.22 | 164.52 | NOTE | |
r-release-linux-x86_64 | 0.3 | 57.29 | 105.34 | 162.63 | NOTE | |
r-release-macos-arm64 | 0.3 | 85.00 | NOTE | |||
r-release-macos-x86_64 | 0.3 | 117.00 | NOTE | |||
r-release-windows-x86_64 | 0.3 | 69.00 | 139.00 | 208.00 | NOTE | |
r-oldrel-macos-arm64 | 0.3 | 98.00 | NOTE | |||
r-oldrel-macos-x86_64 | 0.3 | 173.00 | NOTE | |||
r-oldrel-windows-x86_64 | 0.3 | 92.00 | 170.00 | 262.00 | NOTE |
Version: 0.3
Check: for GNU extensions in Makefiles
Result: NOTE
GNU make is a SystemRequirements.
Flavors: r-devel-linux-x86_64-debian-clang, r-devel-linux-x86_64-debian-gcc, r-devel-linux-x86_64-fedora-clang, r-devel-linux-x86_64-fedora-gcc, r-devel-windows-x86_64, r-patched-linux-x86_64, r-release-linux-x86_64, r-release-macos-arm64, r-release-macos-x86_64, r-release-windows-x86_64, r-oldrel-macos-arm64, r-oldrel-macos-x86_64, r-oldrel-windows-x86_64