Last updated on 2024-08-07 00:49:14 CEST.
Flavor | Version | Tinstall | Tcheck | Ttotal | Status | Flags |
---|---|---|---|---|---|---|
r-devel-linux-x86_64-debian-clang | 0.1.0 | 2.62 | 31.57 | 34.19 | OK | |
r-devel-linux-x86_64-debian-gcc | 0.1.0 | 1.85 | 23.56 | 25.41 | OK | |
r-devel-linux-x86_64-fedora-clang | 0.1.0 | 54.76 | NOTE | |||
r-devel-linux-x86_64-fedora-gcc | 0.1.0 | 52.18 | NOTE | |||
r-devel-windows-x86_64 | 0.1.0 | 4.00 | 50.00 | 54.00 | OK | |
r-patched-linux-x86_64 | 0.1.0 | 2.52 | 29.91 | 32.43 | OK | |
r-release-linux-x86_64 | 0.1.0 | 2.09 | 30.10 | 32.19 | OK | |
r-release-macos-arm64 | 0.1.0 | 21.00 | OK | |||
r-release-macos-x86_64 | 0.1.0 | 29.00 | OK | |||
r-release-windows-x86_64 | 0.1.0 | 5.00 | 50.00 | 55.00 | OK | |
r-oldrel-macos-arm64 | 0.1.0 | 21.00 | OK | |||
r-oldrel-macos-x86_64 | 0.1.0 | 30.00 | OK | |||
r-oldrel-windows-x86_64 | 0.1.0 | 5.00 | 55.00 | 60.00 | OK |
Version: 0.1.0
Check: data for non-ASCII characters
Result: NOTE
Note: found 742 marked UTF-8 strings
Flavors: r-devel-linux-x86_64-fedora-clang, r-devel-linux-x86_64-fedora-gcc