Last updated on 2024-08-07 00:49:14 CEST.
Flavor | Version | Tinstall | Tcheck | Ttotal | Status | Flags |
---|---|---|---|---|---|---|
r-devel-linux-x86_64-debian-clang | 1.0.4 | 12.30 | 132.14 | 144.44 | NOTE | |
r-devel-linux-x86_64-debian-gcc | 1.0.4 | 10.05 | 99.32 | 109.37 | NOTE | |
r-devel-linux-x86_64-fedora-clang | 1.0.4 | 239.17 | NOTE | |||
r-devel-linux-x86_64-fedora-gcc | 1.0.4 | 233.42 | NOTE | |||
r-devel-windows-x86_64 | 1.0.4 | 14.00 | 135.00 | 149.00 | NOTE | |
r-patched-linux-x86_64 | 1.0.4 | 11.41 | 127.69 | 139.10 | NOTE | |
r-release-linux-x86_64 | 1.0.4 | 12.32 | 127.65 | 139.97 | NOTE | |
r-release-macos-arm64 | 1.0.4 | 89.00 | NOTE | |||
r-release-macos-x86_64 | 1.0.4 | 127.00 | NOTE | |||
r-release-windows-x86_64 | 1.0.4 | 12.00 | 136.00 | 148.00 | NOTE | |
r-oldrel-macos-arm64 | 1.0.4 | 80.00 | OK | |||
r-oldrel-macos-x86_64 | 1.0.4 | 137.00 | OK | |||
r-oldrel-windows-x86_64 | 1.0.4 | 18.00 | 165.00 | 183.00 | OK |
Version: 1.0.4
Check: Rd files
Result: NOTE
checkRd: (-1) binary_class_cm.Rd:19: Lost braces in \itemize; \value handles \item{}{} directly
checkRd: (-1) binary_class_cm.Rd:20: Lost braces in \itemize; \value handles \item{}{} directly
checkRd: (-1) binary_class_cm.Rd:21: Lost braces in \itemize; \value handles \item{}{} directly
checkRd: (-1) binary_class_cm.Rd:22: Lost braces in \itemize; \value handles \item{}{} directly
checkRd: (-1) multi_class_cm.Rd:19: Lost braces in \itemize; \value handles \item{}{} directly
checkRd: (-1) multi_class_cm.Rd:20: Lost braces in \itemize; \value handles \item{}{} directly
checkRd: (-1) multi_class_cm.Rd:21: Lost braces in \itemize; \value handles \item{}{} directly
checkRd: (-1) multi_class_cm.Rd:22: Lost braces in \itemize; \value handles \item{}{} directly
Flavors: r-devel-linux-x86_64-debian-clang, r-devel-linux-x86_64-debian-gcc, r-devel-linux-x86_64-fedora-clang, r-devel-linux-x86_64-fedora-gcc, r-devel-windows-x86_64, r-patched-linux-x86_64, r-release-linux-x86_64, r-release-macos-arm64, r-release-macos-x86_64, r-release-windows-x86_64