Last updated on 2024-08-13 17:48:11 CEST.
Flavor | Version | Tinstall | Tcheck | Ttotal | Status | Flags |
---|---|---|---|---|---|---|
r-devel-linux-x86_64-debian-clang | 1.6.1 | 6.78 | 93.90 | 100.68 | NOTE | |
r-devel-linux-x86_64-debian-gcc | 1.6.1 | 5.08 | 67.86 | 72.94 | NOTE | |
r-devel-linux-x86_64-fedora-clang | 1.6.1 | 158.81 | NOTE | |||
r-devel-linux-x86_64-fedora-gcc | 1.6.1 | 173.52 | NOTE | |||
r-devel-windows-x86_64 | 1.6.1 | 10.00 | 152.00 | 162.00 | NOTE | |
r-patched-linux-x86_64 | 1.6.1 | 8.23 | 94.77 | 103.00 | NOTE | |
r-release-linux-x86_64 | 1.6.1 | 5.93 | 94.49 | 100.42 | NOTE | |
r-release-macos-arm64 | 1.6.1 | 52.00 | NOTE | |||
r-release-macos-x86_64 | 1.6.1 | 91.00 | NOTE | |||
r-release-windows-x86_64 | 1.6.1 | 10.00 | 153.00 | 163.00 | NOTE | |
r-oldrel-macos-arm64 | 1.6.1 | 66.00 | OK | |||
r-oldrel-macos-x86_64 | 1.6.1 | 145.00 | OK | |||
r-oldrel-windows-x86_64 | 1.6.1 | 14.00 | 175.00 | 189.00 | OK |
Version: 1.6.1
Check: Rd files
Result: NOTE
checkRd: (-1) jointprobs.Rd:14: Lost braces in \itemize; meant \describe ?
checkRd: (-1) jointprobs.Rd:15: Lost braces in \itemize; meant \describe ?
checkRd: (-1) jointprobs.Rd:16: Lost braces in \itemize; meant \describe ?
checkRd: (-1) jointprobs.Rd:21: Lost braces; missing escapes or markup?
21 | \eqn{K+1} categories the arrays will have either \eqn{K+1} or {K} dimensions, depending on whether
| ^
checkRd: (-1) multinom.gen.Rd:46: Lost braces
46 | For a \emph{K}-variate multinomial, the matrix{m} should have \emph{K-1} columns
| ^
Flavors: r-devel-linux-x86_64-debian-clang, r-devel-linux-x86_64-debian-gcc, r-devel-linux-x86_64-fedora-clang, r-devel-linux-x86_64-fedora-gcc, r-devel-windows-x86_64, r-patched-linux-x86_64, r-release-linux-x86_64, r-release-macos-arm64, r-release-macos-x86_64, r-release-windows-x86_64