Last updated on 2024-08-07 00:49:14 CEST.
Flavor | Version | Tinstall | Tcheck | Ttotal | Status | Flags |
---|---|---|---|---|---|---|
r-devel-linux-x86_64-debian-clang | 5.2.2 | 72.60 | 103.42 | 176.02 | OK | |
r-devel-linux-x86_64-debian-gcc | 5.2.2 | 53.74 | 74.08 | 127.82 | OK | |
r-devel-linux-x86_64-fedora-clang | 5.2.2 | 306.30 | OK | |||
r-devel-linux-x86_64-fedora-gcc | 5.2.2 | 325.94 | OK | |||
r-devel-windows-x86_64 | 5.2.2 | 84.00 | 143.00 | 227.00 | OK | |
r-patched-linux-x86_64 | 5.2.2 | 71.61 | 101.71 | 173.32 | OK | |
r-release-linux-x86_64 | 5.2.2 | 74.67 | 101.51 | 176.18 | OK | |
r-release-macos-arm64 | 5.2.2 | 79.00 | NOTE | |||
r-release-macos-x86_64 | 5.2.2 | 123.00 | NOTE | |||
r-release-windows-x86_64 | 5.2.2 | 83.00 | 147.00 | 230.00 | OK | |
r-oldrel-macos-arm64 | 5.2.2 | 80.00 | NOTE | |||
r-oldrel-macos-x86_64 | 5.2.2 | 203.00 | NOTE | |||
r-oldrel-windows-x86_64 | 5.2.2 | 101.00 | 173.00 | 274.00 | OK |
Version: 5.2.2
Check: installed package size
Result: NOTE
installed size is 7.8Mb
sub-directories of 1Mb or more:
libs 7.3Mb
Flavors: r-release-macos-arm64, r-release-macos-x86_64, r-oldrel-macos-arm64, r-oldrel-macos-x86_64