Last updated on 2024-08-07 00:49:15 CEST.
Flavor | Version | Tinstall | Tcheck | Ttotal | Status | Flags |
---|---|---|---|---|---|---|
r-devel-linux-x86_64-debian-clang | 1.8.2 | 66.80 | 114.26 | 181.06 | OK | |
r-devel-linux-x86_64-debian-gcc | 1.8.2 | 46.64 | 81.84 | 128.48 | OK | |
r-devel-linux-x86_64-fedora-clang | 1.8.2 | 309.86 | OK | |||
r-devel-linux-x86_64-fedora-gcc | 1.8.2 | 302.35 | OK | |||
r-devel-windows-x86_64 | 1.8.2 | 66.00 | 134.00 | 200.00 | OK | |
r-patched-linux-x86_64 | 1.8.2 | 61.74 | 109.38 | 171.12 | OK | |
r-release-linux-x86_64 | 1.8.2 | 63.28 | 110.23 | 173.51 | OK | |
r-release-macos-arm64 | 1.8.2 | 77.00 | NOTE | |||
r-release-macos-x86_64 | 1.8.2 | 105.00 | NOTE | |||
r-release-windows-x86_64 | 1.8.2 | 64.00 | 133.00 | 197.00 | OK | |
r-oldrel-macos-arm64 | 1.8.2 | 73.00 | NOTE | |||
r-oldrel-macos-x86_64 | 1.8.2 | 170.00 | NOTE | |||
r-oldrel-windows-x86_64 | 1.8.2 | 86.00 | 166.00 | 252.00 | OK |
Version: 1.8.2
Check: installed package size
Result: NOTE
installed size is 8.2Mb
sub-directories of 1Mb or more:
data 2.8Mb
libs 5.1Mb
Flavors: r-release-macos-arm64, r-release-macos-x86_64, r-oldrel-macos-arm64, r-oldrel-macos-x86_64