Last updated on 2024-08-07 00:49:15 CEST.
Flavor | Version | Tinstall | Tcheck | Ttotal | Status | Flags |
---|---|---|---|---|---|---|
r-devel-linux-x86_64-debian-clang | 1.0.2 | 11.59 | 31.44 | 43.03 | NOTE | |
r-devel-linux-x86_64-debian-gcc | 1.0.2 | 8.21 | 23.62 | 31.83 | NOTE | |
r-devel-linux-x86_64-fedora-clang | 1.0.2 | 75.55 | NOTE | |||
r-devel-linux-x86_64-fedora-gcc | 1.0.2 | 72.37 | NOTE | |||
r-devel-windows-x86_64 | 1.0.2 | 15.00 | 67.00 | 82.00 | NOTE | |
r-patched-linux-x86_64 | 1.0.2 | 10.82 | 30.36 | 41.18 | NOTE | |
r-release-linux-x86_64 | 1.0.2 | 12.11 | 30.16 | 42.27 | NOTE | |
r-release-macos-arm64 | 1.0.2 | 25.00 | NOTE | |||
r-release-macos-x86_64 | 1.0.2 | 39.00 | NOTE | |||
r-release-windows-x86_64 | 1.0.2 | 16.00 | 65.00 | 81.00 | NOTE | |
r-oldrel-macos-arm64 | 1.0.2 | 29.00 | NOTE | |||
r-oldrel-macos-x86_64 | 1.0.2 | 41.00 | NOTE | |||
r-oldrel-windows-x86_64 | 1.0.2 | 19.00 | 73.00 | 92.00 | NOTE |
Version: 1.0.2
Check: Rd files
Result: NOTE
checkRd: (-1) DTDAcif.Rd:32: Lost braces in \itemize; \value handles \item{}{} directly
checkRd: (-1) DTDAcif.Rd:33: Lost braces in \itemize; \value handles \item{}{} directly
checkRd: (-1) DTDAcif.Rd:34: Lost braces in \itemize; \value handles \item{}{} directly
checkRd: (-1) DTDAcif.Rd:35: Lost braces in \itemize; \value handles \item{}{} directly
checkRd: (-1) DTDAcif.Rd:36: Lost braces in \itemize; \value handles \item{}{} directly
Flavors: r-devel-linux-x86_64-debian-clang, r-devel-linux-x86_64-debian-gcc, r-devel-linux-x86_64-fedora-clang, r-devel-linux-x86_64-fedora-gcc, r-devel-windows-x86_64, r-patched-linux-x86_64, r-release-linux-x86_64, r-release-macos-arm64, r-release-macos-x86_64, r-release-windows-x86_64
Version: 1.0.2
Check: LazyData
Result: NOTE
'LazyData' is specified without a 'data' directory
Flavors: r-devel-linux-x86_64-debian-clang, r-devel-linux-x86_64-debian-gcc, r-devel-linux-x86_64-fedora-clang, r-devel-linux-x86_64-fedora-gcc, r-devel-windows-x86_64, r-patched-linux-x86_64, r-release-linux-x86_64, r-release-macos-arm64, r-release-macos-x86_64, r-release-windows-x86_64, r-oldrel-macos-arm64, r-oldrel-macos-x86_64, r-oldrel-windows-x86_64