Last updated on 2024-08-07 00:49:15 CEST.
Flavor | Version | Tinstall | Tcheck | Ttotal | Status | Flags |
---|---|---|---|---|---|---|
r-devel-linux-x86_64-debian-clang | 1.1.0 | 24.72 | 37.13 | 61.85 | OK | |
r-devel-linux-x86_64-debian-gcc | 1.1.0 | 17.86 | 27.66 | 45.52 | OK | |
r-devel-linux-x86_64-fedora-clang | 1.1.0 | 105.97 | OK | |||
r-devel-linux-x86_64-fedora-gcc | 1.1.0 | 116.66 | OK | |||
r-devel-windows-x86_64 | 1.1.0 | 25.00 | 73.00 | 98.00 | OK | |
r-patched-linux-x86_64 | 1.1.0 | 22.88 | 37.08 | 59.96 | OK | |
r-release-linux-x86_64 | 1.1.0 | 25.13 | 37.24 | 62.37 | OK | |
r-release-macos-arm64 | 1.1.0 | 37.00 | NOTE | |||
r-release-macos-x86_64 | 1.1.0 | 50.00 | NOTE | |||
r-release-windows-x86_64 | 1.1.0 | 27.00 | 73.00 | 100.00 | OK | |
r-oldrel-macos-arm64 | 1.1.0 | 39.00 | NOTE | |||
r-oldrel-macos-x86_64 | 1.1.0 | 99.00 | NOTE | |||
r-oldrel-windows-x86_64 | 1.1.0 | 32.00 | 90.00 | 122.00 | OK |
Version: 1.1.0
Check: installed package size
Result: NOTE
installed size is 13.2Mb
sub-directories of 1Mb or more:
libs 13.1Mb
Flavors: r-release-macos-arm64, r-release-macos-x86_64, r-oldrel-macos-arm64, r-oldrel-macos-x86_64