Last updated on 2024-08-07 00:49:14 CEST.
Flavor | Version | Tinstall | Tcheck | Ttotal | Status | Flags |
---|---|---|---|---|---|---|
r-devel-linux-x86_64-debian-clang | 0.1.5 | 4.23 | 46.83 | 51.06 | NOTE | |
r-devel-linux-x86_64-debian-gcc | 0.1.5 | 3.59 | 34.66 | 38.25 | NOTE | |
r-devel-linux-x86_64-fedora-clang | 0.1.5 | 90.49 | NOTE | |||
r-devel-linux-x86_64-fedora-gcc | 0.1.5 | 94.80 | NOTE | |||
r-devel-windows-x86_64 | 0.1.5 | 7.00 | 71.00 | 78.00 | NOTE | |
r-patched-linux-x86_64 | 0.1.5 | 5.03 | 44.34 | 49.37 | NOTE | |
r-release-linux-x86_64 | 0.1.5 | 4.38 | 44.95 | 49.33 | NOTE | |
r-release-macos-arm64 | 0.1.5 | 43.00 | NOTE | |||
r-release-macos-x86_64 | 0.1.5 | 60.00 | NOTE | |||
r-release-windows-x86_64 | 0.1.5 | 7.00 | 71.00 | 78.00 | NOTE | |
r-oldrel-macos-arm64 | 0.1.5 | 46.00 | OK | |||
r-oldrel-macos-x86_64 | 0.1.5 | 60.00 | OK | |||
r-oldrel-windows-x86_64 | 0.1.5 | 8.00 | 79.00 | 87.00 | OK |
Version: 0.1.5
Check: Rd files
Result: NOTE
checkRd: (-1) data_edit.Rd:137: Lost braces
137 | code{data_edit} is a shiny application built on \code{rhandsontable} that is
| ^
Flavors: r-devel-linux-x86_64-debian-clang, r-devel-linux-x86_64-debian-gcc, r-devel-linux-x86_64-fedora-clang, r-devel-linux-x86_64-fedora-gcc, r-devel-windows-x86_64, r-patched-linux-x86_64, r-release-linux-x86_64, r-release-macos-arm64, r-release-macos-x86_64, r-release-windows-x86_64