Last updated on 2024-08-07 00:49:14 CEST.
Flavor | Version | Tinstall | Tcheck | Ttotal | Status | Flags |
---|---|---|---|---|---|---|
r-devel-linux-x86_64-debian-clang | 0.0.104 | 3.15 | 29.93 | 33.08 | OK | |
r-devel-linux-x86_64-debian-gcc | 0.0.104 | 2.28 | 22.64 | 24.92 | OK | |
r-devel-linux-x86_64-fedora-clang | 0.0.104 | 55.12 | NOTE | |||
r-devel-linux-x86_64-fedora-gcc | 0.0.104 | 50.32 | NOTE | |||
r-devel-windows-x86_64 | 0.0.104 | 5.00 | 54.00 | 59.00 | OK | |
r-patched-linux-x86_64 | 0.0.104 | 3.42 | 28.71 | 32.13 | OK | |
r-release-linux-x86_64 | 0.0.104 | 3.19 | 28.91 | 32.10 | OK | |
r-release-macos-arm64 | 0.0.104 | 20.00 | OK | |||
r-release-macos-x86_64 | 0.0.104 | 48.00 | OK | |||
r-release-windows-x86_64 | 0.0.104 | 6.00 | 52.00 | 58.00 | OK | |
r-oldrel-macos-arm64 | 0.0.104 | 29.00 | OK | |||
r-oldrel-macos-x86_64 | 0.0.104 | 40.00 | OK | |||
r-oldrel-windows-x86_64 | 0.0.104 | 6.00 | 64.00 | 70.00 | OK |
Version: 0.0.104
Check: dependencies in R code
Result: NOTE
Namespaces in Imports field not imported from:
‘Hmisc’ ‘class’ ‘e1071’ ‘gam’ ‘gbm’ ‘glmnet’ ‘randomForest’ ‘weights’
‘xgboost’
All declared Imports should be used.
Flavors: r-devel-linux-x86_64-fedora-clang, r-devel-linux-x86_64-fedora-gcc