Last updated on 2024-08-07 00:49:15 CEST.
Flavor | Version | Tinstall | Tcheck | Ttotal | Status | Flags |
---|---|---|---|---|---|---|
r-devel-linux-x86_64-debian-clang | 2.2-0 | 4.82 | 46.51 | 51.33 | OK | |
r-devel-linux-x86_64-debian-gcc | 2.2-0 | 3.34 | 33.88 | 37.22 | OK | |
r-devel-linux-x86_64-fedora-clang | 2.2-0 | 85.49 | OK | |||
r-devel-linux-x86_64-fedora-gcc | 2.2-0 | 124.87 | OK | |||
r-devel-windows-x86_64 | 2.2-0 | 6.00 | 64.00 | 70.00 | OK | |
r-patched-linux-x86_64 | 2.2-0 | 6.12 | 43.28 | 49.40 | OK | |
r-release-linux-x86_64 | 2.2-0 | 5.47 | 43.50 | 48.97 | OK | |
r-release-macos-arm64 | 2.2-0 | 33.00 | NOTE | |||
r-release-macos-x86_64 | 2.2-0 | 52.00 | NOTE | |||
r-release-windows-x86_64 | 2.2-0 | 8.00 | 66.00 | 74.00 | OK | |
r-oldrel-macos-arm64 | 2.2-0 | 47.00 | OK | |||
r-oldrel-macos-x86_64 | 2.2-0 | 92.00 | OK | |||
r-oldrel-windows-x86_64 | 2.2-0 | 8.00 | 72.00 | 80.00 | OK |
Version: 2.2-0
Check: package dependencies
Result: NOTE
Package suggested but not available for checking: ‘rlibkriging’
Flavors: r-release-macos-arm64, r-release-macos-x86_64