Last updated on 2024-08-07 00:49:15 CEST.
Flavor | Version | Tinstall | Tcheck | Ttotal | Status | Flags |
---|---|---|---|---|---|---|
r-devel-linux-x86_64-debian-clang | 0.1.10 | 4.64 | 28.01 | 32.65 | OK | |
r-devel-linux-x86_64-debian-gcc | 0.1.10 | 2.85 | 20.77 | 23.62 | OK | |
r-devel-linux-x86_64-fedora-clang | 0.1.10 | 52.72 | NOTE | |||
r-devel-linux-x86_64-fedora-gcc | 0.1.10 | 49.62 | OK | |||
r-devel-windows-x86_64 | 0.1.10 | 8.00 | 53.00 | 61.00 | OK | |
r-patched-linux-x86_64 | 0.1.10 | 4.20 | 26.69 | 30.89 | OK | |
r-release-linux-x86_64 | 0.1.10 | 2.59 | 26.90 | 29.49 | OK | |
r-release-macos-arm64 | 0.1.10 | 23.00 | OK | |||
r-release-macos-x86_64 | 0.1.10 | 49.00 | OK | |||
r-release-windows-x86_64 | 0.1.10 | 8.00 | 56.00 | 64.00 | OK | |
r-oldrel-macos-arm64 | 0.1.10 | 28.00 | OK | |||
r-oldrel-macos-x86_64 | 0.1.10 | 42.00 | OK | |||
r-oldrel-windows-x86_64 | 0.1.10 | 9.00 | 57.00 | 66.00 | OK |
Version: 0.1.10
Check: installed package size
Result: NOTE
installed size is 5.2Mb
sub-directories of 1Mb or more:
libs 4.9Mb
Flavor: r-devel-linux-x86_64-fedora-clang