Last updated on 2024-08-07 00:49:15 CEST.
Flavor | Version | Tinstall | Tcheck | Ttotal | Status | Flags |
---|---|---|---|---|---|---|
r-devel-linux-x86_64-debian-clang | 0.7.0 | 5.72 | 629.85 | 635.57 | OK | |
r-devel-linux-x86_64-debian-gcc | 0.7.0 | 6.18 | 415.59 | 421.77 | OK | |
r-devel-linux-x86_64-fedora-clang | 0.7.0 | 1035.30 | OK | |||
r-devel-linux-x86_64-fedora-gcc | 0.7.0 | 945.98 | OK | |||
r-devel-windows-x86_64 | 0.7.0 | 10.00 | 391.00 | 401.00 | OK | |
r-patched-linux-x86_64 | 0.7.0 | 10.56 | 601.22 | 611.78 | OK | |
r-release-linux-x86_64 | 0.7.0 | 8.34 | 595.15 | 603.49 | OK | |
r-release-macos-arm64 | 0.7.0 | 166.00 | OK | |||
r-release-macos-x86_64 | 0.7.0 | 358.00 | OK | |||
r-release-windows-x86_64 | 0.7.0 | 10.00 | 386.00 | 396.00 | OK | |
r-oldrel-macos-arm64 | 0.7.0 | 11.00 | ERROR | |||
r-oldrel-macos-x86_64 | 0.7.0 | 14.00 | ERROR | |||
r-oldrel-windows-x86_64 | 0.7.0 | 10.00 | 451.00 | 461.00 | OK |
Version: 0.7.0
Check: package dependencies
Result: ERROR
Packages required and available but unsuitable versions:
'CodelistGenerator', 'omopgenerics'
See section ‘The DESCRIPTION file’ in the ‘Writing R Extensions’
manual.
Flavors: r-oldrel-macos-arm64, r-oldrel-macos-x86_64