Last updated on 2024-08-07 00:49:15 CEST.
Flavor | Version | Tinstall | Tcheck | Ttotal | Status | Flags |
---|---|---|---|---|---|---|
r-devel-linux-x86_64-debian-clang | 1.0-0 | 1.47 | 17.44 | 18.91 | OK | |
r-devel-linux-x86_64-debian-gcc | 1.0-0 | 1.23 | 14.16 | 15.39 | OK | |
r-devel-linux-x86_64-fedora-clang | 1.0-0 | 31.69 | NOTE | |||
r-devel-linux-x86_64-fedora-gcc | 1.0-0 | 29.72 | OK | |||
r-devel-windows-x86_64 | 1.0-0 | 4.00 | 36.00 | 40.00 | OK | |
r-patched-linux-x86_64 | 1.0-0 | 1.53 | 16.87 | 18.40 | OK | |
r-release-linux-x86_64 | 1.0-0 | 1.46 | 16.86 | 18.32 | OK | |
r-release-macos-arm64 | 1.0-0 | 13.00 | OK | |||
r-release-macos-x86_64 | 1.0-0 | 19.00 | OK | |||
r-release-windows-x86_64 | 1.0-0 | 3.00 | 35.00 | 38.00 | OK | |
r-oldrel-macos-arm64 | 1.0-0 | 18.00 | OK | |||
r-oldrel-macos-x86_64 | 1.0-0 | 19.00 | OK | |||
r-oldrel-windows-x86_64 | 1.0-0 | 4.00 | 36.00 | 40.00 | OK |
Version: 1.0-0
Check: Rd cross-references
Result: NOTE
Undeclared package ‘quadprog’ in Rd xrefs
Flavor: r-devel-linux-x86_64-fedora-clang