Last updated on 2024-08-07 00:49:15 CEST.
Flavor | Version | Tinstall | Tcheck | Ttotal | Status | Flags |
---|---|---|---|---|---|---|
r-devel-linux-x86_64-debian-clang | 0.0.1.1 | 4.17 | 42.04 | 46.21 | OK | |
r-devel-linux-x86_64-debian-gcc | 0.0.1.1 | 3.00 | 32.04 | 35.04 | OK | |
r-devel-linux-x86_64-fedora-clang | 0.0.1.1 | 80.66 | OK | |||
r-devel-linux-x86_64-fedora-gcc | 0.0.1.1 | 83.34 | OK | |||
r-devel-windows-x86_64 | 0.0.1.1 | 6.00 | 61.00 | 67.00 | OK | |
r-patched-linux-x86_64 | 0.0.1.1 | 4.05 | 40.24 | 44.29 | OK | |
r-release-linux-x86_64 | 0.0.1.1 | 4.18 | 40.78 | 44.96 | OK | |
r-release-macos-arm64 | 0.0.1.1 | 35.00 | OK | |||
r-release-macos-x86_64 | 0.0.1.1 | 64.00 | OK | |||
r-release-windows-x86_64 | 0.0.1.1 | 6.00 | 61.00 | 67.00 | OK | |
r-oldrel-macos-arm64 | 0.0.1.1 | 38.00 | ERROR | |||
r-oldrel-macos-x86_64 | 0.0.1.1 | 60.00 | ERROR | |||
r-oldrel-windows-x86_64 | 0.0.1.1 | 7.00 | 66.00 | 73.00 | OK |
Version: 0.0.1.1
Check: running R code from vignettes
Result: ERROR
Errors in running code in vignettes:
when running code in ‘EIVignette.Rmd’
...
> knitr::opts_chunk$set(echo = TRUE)
> devtools::load_all(here())
When sourcing ‘EIVignette.R’:
Error: Could not find a root 'DESCRIPTION' file that starts with '^Package' in
'/private/var/folders/k4/0jwzxmln0nb8y6rkzprptb640000gq/T/RtmpBrRGq8/file17aa1f83e5ae/vignettes'.
ℹ Are you in your project directory and does your project have a 'DESCRIPTION'
file?
Execution halted
‘EIVignette.Rmd’ using ‘UTF-8’... failed
Flavor: r-oldrel-macos-arm64
Version: 0.0.1.1
Check: running R code from vignettes
Result: ERROR
Errors in running code in vignettes:
when running code in ‘EIVignette.Rmd’
...
> knitr::opts_chunk$set(echo = TRUE)
> devtools::load_all(here())
When sourcing ‘EIVignette.R’:
Error: Could not find a root 'DESCRIPTION' file that starts with '^Package' in
'/private/var/folders/2b/t0kwbtmn3p7brv2mvx39c9cr0000gn/T/RtmpEkLFqm/filead7a660ed35c/vignettes'.
ℹ Are you in your project directory and does your project have a 'DESCRIPTION'
file?
Execution halted
‘EIVignette.Rmd’ using ‘UTF-8’... failed
Flavor: r-oldrel-macos-x86_64