Last updated on 2024-08-07 00:49:16 CEST.
Flavor | Version | Tinstall | Tcheck | Ttotal | Status | Flags |
---|---|---|---|---|---|---|
r-devel-linux-x86_64-debian-clang | 1.1.1 | 10.62 | 88.71 | 99.33 | NOTE | |
r-devel-linux-x86_64-debian-gcc | 1.1.1 | 8.41 | 64.39 | 72.80 | NOTE | |
r-devel-linux-x86_64-fedora-clang | 1.1.1 | 176.68 | OK | |||
r-devel-linux-x86_64-fedora-gcc | 1.1.1 | 146.53 | OK | |||
r-devel-windows-x86_64 | 1.1.1 | 13.00 | 96.00 | 109.00 | NOTE | |
r-patched-linux-x86_64 | 1.1.1 | 12.90 | 83.70 | 96.60 | OK | |
r-release-linux-x86_64 | 1.1.1 | 10.37 | 83.39 | 93.76 | OK | |
r-release-macos-arm64 | 1.1.1 | 48.00 | OK | |||
r-release-macos-x86_64 | 1.1.1 | 71.00 | OK | |||
r-release-windows-x86_64 | 1.1.1 | 14.00 | 95.00 | 109.00 | OK | |
r-oldrel-macos-arm64 | 1.1.1 | 49.00 | OK | |||
r-oldrel-macos-x86_64 | 1.1.1 | 82.00 | OK | |||
r-oldrel-windows-x86_64 | 1.1.1 | 17.00 | 119.00 | 136.00 | OK |
Version: 1.1.1
Check: Rd cross-references
Result: NOTE
Found the following Rd file(s) with Rd \link{} targets missing package
anchors:
elastic.Rd: glmnet
Please provide package anchors for all Rd \link{} targets not in the
package itself and the base packages.
Flavors: r-devel-linux-x86_64-debian-clang, r-devel-linux-x86_64-debian-gcc, r-devel-windows-x86_64