Last updated on 2024-08-07 00:49:16 CEST.
Flavor | Version | Tinstall | Tcheck | Ttotal | Status | Flags |
---|---|---|---|---|---|---|
r-devel-linux-x86_64-debian-clang | 4.1.3 | 9.68 | 121.67 | 131.35 | OK | |
r-devel-linux-x86_64-debian-gcc | 4.1.3 | 7.78 | 86.25 | 94.03 | OK | |
r-devel-linux-x86_64-fedora-clang | 4.1.3 | 219.64 | NOTE | |||
r-devel-linux-x86_64-fedora-gcc | 4.1.3 | 213.58 | NOTE | |||
r-devel-windows-x86_64 | 4.1.3 | 12.00 | 132.00 | 144.00 | OK | |
r-patched-linux-x86_64 | 4.1.3 | 12.12 | 116.72 | 128.84 | OK | |
r-release-linux-x86_64 | 4.1.3 | 11.26 | 116.55 | 127.81 | OK | |
r-release-macos-arm64 | 4.1.3 | 69.00 | OK | |||
r-release-macos-x86_64 | 4.1.3 | 103.00 | OK | |||
r-release-windows-x86_64 | 4.1.3 | 15.00 | 130.00 | 145.00 | OK | |
r-oldrel-macos-arm64 | 4.1.3 | 69.00 | OK | |||
r-oldrel-macos-x86_64 | 4.1.3 | 103.00 | OK | |||
r-oldrel-windows-x86_64 | 4.1.3 | 17.00 | 162.00 | 179.00 | OK |
Version: 4.1.3
Check: dependencies in R code
Result: NOTE
Namespace in Imports field not imported from: ‘metadat’
All declared Imports should be used.
Flavors: r-devel-linux-x86_64-fedora-clang, r-devel-linux-x86_64-fedora-gcc