Last updated on 2024-08-08 08:49:14 CEST.
Flavor | Version | Tinstall | Tcheck | Ttotal | Status | Flags |
---|---|---|---|---|---|---|
r-devel-linux-x86_64-debian-clang | 0.4-6 | 6.53 | 47.89 | 54.42 | NOTE | |
r-devel-linux-x86_64-debian-gcc | 0.4-6 | 4.43 | 34.14 | 38.57 | NOTE | |
r-devel-linux-x86_64-fedora-clang | 0.4-6 | 91.14 | NOTE | |||
r-devel-linux-x86_64-fedora-gcc | 0.4-6 | 84.44 | NOTE | |||
r-devel-windows-x86_64 | 0.4-6 | 9.00 | 67.00 | 76.00 | OK | |
r-patched-linux-x86_64 | 0.4-6 | 5.67 | 45.94 | 51.61 | NOTE | |
r-release-linux-x86_64 | 0.4-6 | 6.09 | 45.95 | 52.04 | NOTE | |
r-release-macos-arm64 | 0.4-6 | 27.00 | NOTE | |||
r-release-macos-x86_64 | 0.4-6 | 40.00 | NOTE | |||
r-release-windows-x86_64 | 0.4-6 | 9.00 | 66.00 | 75.00 | OK | |
r-oldrel-macos-arm64 | 0.4-6 | 32.00 | OK | |||
r-oldrel-macos-x86_64 | 0.4-6 | 61.00 | OK | |||
r-oldrel-windows-x86_64 | 0.4-6 | 11.00 | 78.00 | 89.00 | NOTE |
Version: 0.4-6
Check: package dependencies
Result: NOTE
Package suggested but not available for checking: ‘lavaan.survey’
Flavors: r-devel-linux-x86_64-debian-clang, r-devel-linux-x86_64-debian-gcc, r-devel-linux-x86_64-fedora-clang, r-devel-linux-x86_64-fedora-gcc, r-patched-linux-x86_64, r-release-linux-x86_64, r-release-macos-arm64, r-release-macos-x86_64, r-oldrel-windows-x86_64