Last updated on 2024-08-07 00:49:15 CEST.
Flavor | Version | Tinstall | Tcheck | Ttotal | Status | Flags |
---|---|---|---|---|---|---|
r-devel-linux-x86_64-debian-clang | 0.29.4 | 22.28 | 119.74 | 142.02 | OK | |
r-devel-linux-x86_64-debian-gcc | 0.29.4 | 14.84 | 97.63 | 112.47 | OK | |
r-devel-linux-x86_64-fedora-clang | 0.29.4 | 230.52 | NOTE | |||
r-devel-linux-x86_64-fedora-gcc | 0.29.4 | 236.09 | OK | |||
r-devel-windows-x86_64 | 0.29.4 | 25.00 | 167.00 | 192.00 | NOTE | |
r-patched-linux-x86_64 | 0.29.4 | 20.62 | 123.04 | 143.66 | OK | |
r-release-linux-x86_64 | 0.29.4 | 19.24 | 122.64 | 141.88 | OK | |
r-release-macos-arm64 | 0.29.4 | 74.00 | OK | |||
r-release-macos-x86_64 | 0.29.4 | 109.00 | OK | |||
r-release-windows-x86_64 | 0.29.4 | 26.00 | 154.00 | 180.00 | NOTE | |
r-oldrel-macos-arm64 | 0.29.4 | 79.00 | OK | |||
r-oldrel-macos-x86_64 | 0.29.4 | 129.00 | OK | |||
r-oldrel-windows-x86_64 | 0.29.4 | 30.00 | 177.00 | 207.00 | NOTE |
Version: 0.29.4
Check: Rd cross-references
Result: NOTE
Undeclared package ‘EloRating’ in Rd xrefs
Flavor: r-devel-linux-x86_64-fedora-clang
Version: 0.29.4
Check: C++ specification
Result: NOTE
Specified C++11: please drop specification unless essential
Flavors: r-devel-windows-x86_64, r-release-windows-x86_64, r-oldrel-windows-x86_64