Last updated on 2024-08-07 00:49:15 CEST.
Flavor | Version | Tinstall | Tcheck | Ttotal | Status | Flags |
---|---|---|---|---|---|---|
r-devel-linux-x86_64-debian-clang | 2.1.2 | 24.22 | 52.94 | 77.16 | OK | |
r-devel-linux-x86_64-debian-gcc | 2.1.2 | 15.40 | 39.24 | 54.64 | OK | |
r-devel-linux-x86_64-fedora-clang | 2.1.2 | 132.44 | NOTE | |||
r-devel-linux-x86_64-fedora-gcc | 2.1.2 | 151.74 | NOTE | |||
r-devel-windows-x86_64 | 2.1.2 | 23.00 | 113.00 | 136.00 | OK | |
r-patched-linux-x86_64 | 2.1.2 | 21.33 | 51.50 | 72.83 | OK | |
r-release-linux-x86_64 | 2.1.2 | 19.60 | 51.24 | 70.84 | OK | |
r-release-macos-arm64 | 2.1.2 | 43.00 | OK | |||
r-release-macos-x86_64 | 2.1.2 | 71.00 | OK | |||
r-release-windows-x86_64 | 2.1.2 | 24.00 | 114.00 | 138.00 | OK | |
r-oldrel-macos-arm64 | 2.1.2 | 50.00 | OK | |||
r-oldrel-macos-x86_64 | 2.1.2 | 71.00 | OK | |||
r-oldrel-windows-x86_64 | 2.1.2 | 28.00 | 128.00 | 156.00 | OK |
Version: 2.1.2
Check: dependencies in R code
Result: NOTE
Namespace in Imports field not imported from: ‘Matrix’
All declared Imports should be used.
Flavors: r-devel-linux-x86_64-fedora-clang, r-devel-linux-x86_64-fedora-gcc