Last updated on 2024-08-07 00:49:16 CEST.
Flavor | Version | Tinstall | Tcheck | Ttotal | Status | Flags |
---|---|---|---|---|---|---|
r-devel-linux-x86_64-debian-clang | 0.1.3 | 10.29 | 369.61 | 379.90 | NOTE | |
r-devel-linux-x86_64-debian-gcc | 0.1.3 | 7.43 | 226.82 | 234.25 | NOTE | |
r-devel-linux-x86_64-fedora-clang | 0.1.3 | 637.88 | NOTE | |||
r-devel-linux-x86_64-fedora-gcc | 0.1.3 | 606.42 | NOTE | |||
r-devel-windows-x86_64 | 0.1.3 | 11.00 | 381.00 | 392.00 | NOTE | |
r-patched-linux-x86_64 | 0.1.3 | 8.95 | 350.51 | 359.46 | NOTE | |
r-release-linux-x86_64 | 0.1.3 | 9.58 | 355.60 | 365.18 | NOTE | |
r-release-macos-arm64 | 0.1.3 | 142.00 | NOTE | |||
r-release-macos-x86_64 | 0.1.3 | 246.00 | NOTE | |||
r-release-windows-x86_64 | 0.1.3 | 12.00 | 379.00 | 391.00 | NOTE | |
r-oldrel-macos-arm64 | 0.1.3 | 151.00 | OK | |||
r-oldrel-macos-x86_64 | 0.1.3 | 258.00 | OK | |||
r-oldrel-windows-x86_64 | 0.1.3 | 16.00 | 501.00 | 517.00 | OK |
Version: 0.1.3
Check: Rd files
Result: NOTE
checkRd: (-1) metrics.Rd:124: Lost braces
124 | Avg = 0.5 (sum | P_i - Q_i| + max{ | P_i - Q_i |})
| ^
Flavors: r-devel-linux-x86_64-debian-clang, r-devel-linux-x86_64-debian-gcc, r-devel-linux-x86_64-fedora-clang, r-devel-linux-x86_64-fedora-gcc, r-devel-windows-x86_64, r-patched-linux-x86_64, r-release-linux-x86_64, r-release-macos-arm64, r-release-macos-x86_64, r-release-windows-x86_64