Last updated on 2024-08-07 00:49:16 CEST.
Flavor | Version | Tinstall | Tcheck | Ttotal | Status | Flags |
---|---|---|---|---|---|---|
r-devel-linux-x86_64-debian-clang | 0.3.1 | 12.23 | 89.43 | 101.66 | NOTE | |
r-devel-linux-x86_64-debian-gcc | 0.3.1 | 9.36 | 65.70 | 75.06 | NOTE | |
r-devel-linux-x86_64-fedora-clang | 0.3.1 | 167.96 | NOTE | |||
r-devel-linux-x86_64-fedora-gcc | 0.3.1 | 152.14 | NOTE | |||
r-devel-windows-x86_64 | 0.3.1 | 14.00 | 95.00 | 109.00 | NOTE | |
r-patched-linux-x86_64 | 0.3.1 | 11.33 | 84.76 | 96.09 | NOTE | |
r-release-linux-x86_64 | 0.3.1 | 12.09 | 85.64 | 97.73 | NOTE | |
r-release-macos-arm64 | 0.3.1 | 49.00 | NOTE | |||
r-release-macos-x86_64 | 0.3.1 | 69.00 | NOTE | |||
r-release-windows-x86_64 | 0.3.1 | 12.00 | 89.00 | 101.00 | NOTE | |
r-oldrel-macos-arm64 | 0.3.1 | 45.00 | NOTE | |||
r-oldrel-macos-x86_64 | 0.3.1 | 83.00 | NOTE | |||
r-oldrel-windows-x86_64 | 0.3.1 | 18.00 | 114.00 | 132.00 | NOTE |
Version: 0.3.1
Check: LazyData
Result: NOTE
'LazyData' is specified without a 'data' directory
Flavors: r-devel-linux-x86_64-debian-clang, r-devel-linux-x86_64-debian-gcc, r-devel-linux-x86_64-fedora-clang, r-devel-linux-x86_64-fedora-gcc, r-devel-windows-x86_64, r-patched-linux-x86_64, r-release-linux-x86_64, r-release-macos-arm64, r-release-macos-x86_64, r-release-windows-x86_64, r-oldrel-macos-arm64, r-oldrel-macos-x86_64, r-oldrel-windows-x86_64