Last updated on 2024-08-07 00:49:16 CEST.
Flavor | Version | Tinstall | Tcheck | Ttotal | Status | Flags |
---|---|---|---|---|---|---|
r-devel-linux-x86_64-debian-clang | 1.1.1 | 13.49 | 117.97 | 131.46 | NOTE | |
r-devel-linux-x86_64-debian-gcc | 1.1.1 | 9.72 | 83.70 | 93.42 | NOTE | |
r-devel-linux-x86_64-fedora-clang | 1.1.1 | 211.81 | NOTE | |||
r-devel-linux-x86_64-fedora-gcc | 1.1.1 | 202.09 | NOTE | |||
r-devel-windows-x86_64 | 1.1.1 | 14.00 | 114.00 | 128.00 | NOTE | |
r-patched-linux-x86_64 | 1.1.1 | 13.03 | 116.29 | 129.32 | NOTE | |
r-release-linux-x86_64 | 1.1.1 | 12.63 | 113.27 | 125.90 | NOTE | |
r-release-macos-arm64 | 1.1.1 | 57.00 | NOTE | |||
r-release-macos-x86_64 | 1.1.1 | 104.00 | NOTE | |||
r-release-windows-x86_64 | 1.1.1 | 14.00 | 117.00 | 131.00 | NOTE | |
r-oldrel-macos-arm64 | 1.1.1 | 65.00 | OK | |||
r-oldrel-macos-x86_64 | 1.1.1 | 104.00 | OK | |||
r-oldrel-windows-x86_64 | 1.1.1 | 19.00 | 139.00 | 158.00 | OK |
Version: 1.1.1
Check: Rd files
Result: NOTE
checkRd: (-1) FADPclust.Rd:28: Lost braces in \itemize; \value handles \item{}{} directly
checkRd: (-1) FADPclust.Rd:29: Lost braces in \itemize; \value handles \item{}{} directly
checkRd: (-1) FADPclust.Rd:30: Lost braces in \itemize; \value handles \item{}{} directly
checkRd: (-1) FADPclust.Rd:31: Lost braces in \itemize; \value handles \item{}{} directly
checkRd: (-1) FADPclust.Rd:32: Lost braces in \itemize; \value handles \item{}{} directly
checkRd: (-1) FADPclust.Rd:33: Lost braces in \itemize; \value handles \item{}{} directly
checkRd: (-1) FADPclust.Rd:34: Lost braces in \itemize; \value handles \item{}{} directly
checkRd: (-1) FADPclust.Rd:35: Lost braces in \itemize; \value handles \item{}{} directly
checkRd: (-1) FADPclust.Rd:36: Lost braces in \itemize; \value handles \item{}{} directly
checkRd: (-1) FADPclust.Rd:37: Lost braces in \itemize; \value handles \item{}{} directly
Flavors: r-devel-linux-x86_64-debian-clang, r-devel-linux-x86_64-debian-gcc, r-devel-linux-x86_64-fedora-clang, r-devel-linux-x86_64-fedora-gcc, r-devel-windows-x86_64, r-patched-linux-x86_64, r-release-linux-x86_64, r-release-macos-arm64, r-release-macos-x86_64, r-release-windows-x86_64