Last updated on 2024-08-07 00:49:16 CEST.
Flavor | Version | Tinstall | Tcheck | Ttotal | Status | Flags |
---|---|---|---|---|---|---|
r-devel-linux-x86_64-debian-clang | 1.0-12.3 | 10.04 | 81.66 | 91.70 | NOTE | |
r-devel-linux-x86_64-debian-gcc | 1.0-12.3 | 7.25 | 57.75 | 65.00 | NOTE | |
r-devel-linux-x86_64-fedora-clang | 1.0-12.3 | 146.92 | NOTE | |||
r-devel-linux-x86_64-fedora-gcc | 1.0-12.3 | 139.43 | NOTE | |||
r-devel-windows-x86_64 | 1.0-12.3 | 14.00 | 94.00 | 108.00 | OK | |
r-patched-linux-x86_64 | 1.0-12.3 | 9.71 | 79.78 | 89.49 | NOTE | |
r-release-linux-x86_64 | 1.0-12.3 | 9.13 | 79.48 | 88.61 | NOTE | |
r-release-macos-arm64 | 1.0-12.3 | 45.00 | OK | |||
r-release-macos-x86_64 | 1.0-12.3 | 62.00 | OK | |||
r-release-windows-x86_64 | 1.0-12.3 | 15.00 | 93.00 | 108.00 | OK | |
r-oldrel-macos-arm64 | 1.0-12.3 | 51.00 | OK | |||
r-oldrel-macos-x86_64 | 1.0-12.3 | 123.00 | OK | |||
r-oldrel-windows-x86_64 | 1.0-12.3 | 17.00 | 108.00 | 125.00 | OK |
Version: 1.0-12.3
Check: for non-standard things in the check directory
Result: NOTE
Found the following files/directories:
‘vert.txt’
Flavors: r-devel-linux-x86_64-debian-clang, r-devel-linux-x86_64-debian-gcc, r-devel-linux-x86_64-fedora-clang, r-devel-linux-x86_64-fedora-gcc, r-patched-linux-x86_64, r-release-linux-x86_64
Version: 1.0-12.3
Check: compiled code
Result: NOTE
File ‘FD/libs/FD.so’:
Found no calls to: ‘R_registerRoutines’, ‘R_useDynamicSymbols’
It is good practice to register native routines and to disable symbol
search.
See ‘Writing portable packages’ in the ‘Writing R Extensions’ manual.
Flavors: r-devel-linux-x86_64-fedora-clang, r-devel-linux-x86_64-fedora-gcc