Last updated on 2024-08-07 00:49:17 CEST.
Flavor | Version | Tinstall | Tcheck | Ttotal | Status | Flags |
---|---|---|---|---|---|---|
r-devel-linux-x86_64-debian-clang | 0.2.0 | 63.05 | 326.02 | 389.07 | OK | |
r-devel-linux-x86_64-debian-gcc | 0.2.0 | 34.57 | 306.14 | 340.71 | OK | |
r-devel-linux-x86_64-fedora-clang | 0.2.0 | 826.19 | OK | |||
r-devel-linux-x86_64-fedora-gcc | 0.2.0 | 688.71 | OK | |||
r-devel-windows-x86_64 | 0.2.0 | 46.00 | 351.00 | 397.00 | OK | |
r-patched-linux-x86_64 | 0.2.0 | 51.38 | 390.32 | 441.70 | OK | |
r-release-linux-x86_64 | 0.2.0 | 48.19 | 389.75 | 437.94 | OK | |
r-release-macos-arm64 | 0.2.0 | 200.00 | NOTE | |||
r-release-macos-x86_64 | 0.2.0 | 309.00 | NOTE | |||
r-release-windows-x86_64 | 0.2.0 | 46.00 | 355.00 | 401.00 | OK | |
r-oldrel-macos-arm64 | 0.2.0 | 186.00 | NOTE | |||
r-oldrel-macos-x86_64 | 0.2.0 | 546.00 | NOTE | |||
r-oldrel-windows-x86_64 | 0.2.0 | 65.00 | 428.00 | 493.00 | OK |
Version: 0.2.0
Check: installed package size
Result: NOTE
installed size is 5.2Mb
sub-directories of 1Mb or more:
libs 4.2Mb
Flavors: r-release-macos-arm64, r-release-macos-x86_64, r-oldrel-macos-arm64, r-oldrel-macos-x86_64