Last updated on 2024-08-07 00:49:16 CEST.
Flavor | Version | Tinstall | Tcheck | Ttotal | Status | Flags |
---|---|---|---|---|---|---|
r-devel-linux-x86_64-debian-clang | 1.0 | 19.70 | 26.25 | 45.95 | NOTE | |
r-devel-linux-x86_64-debian-gcc | 1.0 | 12.42 | 20.22 | 32.64 | NOTE | |
r-devel-linux-x86_64-fedora-clang | 1.0 | 81.34 | NOTE | |||
r-devel-linux-x86_64-fedora-gcc | 1.0 | 80.70 | NOTE | |||
r-devel-windows-x86_64 | 1.0 | 22.00 | 65.00 | 87.00 | NOTE | |
r-patched-linux-x86_64 | 1.0 | 17.34 | 24.86 | 42.20 | NOTE | |
r-release-linux-x86_64 | 1.0 | 18.26 | 25.13 | 43.39 | NOTE | |
r-release-macos-arm64 | 1.0 | 24.00 | NOTE | |||
r-release-macos-x86_64 | 1.0 | 34.00 | NOTE | |||
r-release-windows-x86_64 | 1.0 | 23.00 | 68.00 | 91.00 | NOTE | |
r-oldrel-macos-arm64 | 1.0 | 27.00 | NOTE | |||
r-oldrel-macos-x86_64 | 1.0 | 42.00 | NOTE | |||
r-oldrel-windows-x86_64 | 1.0 | 27.00 | 74.00 | 101.00 | NOTE |
Version: 1.0
Check: C++ specification
Result: NOTE
Specified C++11: please drop specification unless essential
Flavors: r-devel-linux-x86_64-debian-clang, r-devel-linux-x86_64-debian-gcc, r-devel-linux-x86_64-fedora-clang, r-devel-linux-x86_64-fedora-gcc, r-devel-windows-x86_64, r-patched-linux-x86_64, r-release-linux-x86_64, r-release-macos-arm64, r-release-macos-x86_64, r-release-windows-x86_64, r-oldrel-macos-arm64, r-oldrel-macos-x86_64, r-oldrel-windows-x86_64
Version: 1.0
Check: LazyData
Result: NOTE
'LazyData' is specified without a 'data' directory
Flavors: r-devel-linux-x86_64-debian-clang, r-devel-linux-x86_64-debian-gcc, r-devel-linux-x86_64-fedora-clang, r-devel-linux-x86_64-fedora-gcc, r-devel-windows-x86_64, r-patched-linux-x86_64, r-release-linux-x86_64, r-release-macos-arm64, r-release-macos-x86_64, r-release-windows-x86_64, r-oldrel-macos-arm64, r-oldrel-macos-x86_64, r-oldrel-windows-x86_64