Last updated on 2024-08-07 00:49:16 CEST.
Flavor | Version | Tinstall | Tcheck | Ttotal | Status | Flags |
---|---|---|---|---|---|---|
r-devel-linux-x86_64-debian-clang | 1.4.2 | 472.22 | 103.82 | 576.04 | OK | |
r-devel-linux-x86_64-debian-gcc | 1.4.2 | 344.07 | 104.12 | 448.19 | OK | |
r-devel-linux-x86_64-fedora-clang | 1.4.2 | 950.43 | OK | |||
r-devel-linux-x86_64-fedora-gcc | 1.4.2 | 1182.77 | OK | |||
r-devel-windows-x86_64 | 1.4.2 | 409.00 | 172.00 | 581.00 | OK | |
r-patched-linux-x86_64 | 1.4.2 | 440.03 | 135.99 | 576.02 | OK | |
r-release-linux-x86_64 | 1.4.2 | 449.61 | 135.77 | 585.38 | OK | |
r-release-macos-arm64 | 1.4.2 | 222.00 | NOTE | |||
r-release-macos-x86_64 | 1.4.2 | 190.00 | NOTE | |||
r-release-windows-x86_64 | 1.4.2 | 419.00 | 172.00 | 591.00 | OK | |
r-oldrel-macos-arm64 | 1.4.2 | 232.00 | NOTE | |||
r-oldrel-macos-x86_64 | 1.4.2 | 246.00 | NOTE | |||
r-oldrel-windows-x86_64 | 1.4.2 | 476.00 | 207.00 | 683.00 | OK |
Version: 1.4.2
Check: installed package size
Result: NOTE
installed size is 50.2Mb
sub-directories of 1Mb or more:
libs 49.8Mb
Flavors: r-release-macos-arm64, r-release-macos-x86_64, r-oldrel-macos-arm64, r-oldrel-macos-x86_64