Last updated on 2024-08-07 00:49:16 CEST.
Flavor | Version | Tinstall | Tcheck | Ttotal | Status | Flags |
---|---|---|---|---|---|---|
r-devel-linux-x86_64-debian-clang | 0.1.1 | 11.96 | 51.97 | 63.93 | OK | |
r-devel-linux-x86_64-debian-gcc | 0.1.1 | 8.90 | 38.42 | 47.32 | OK | |
r-devel-linux-x86_64-fedora-clang | 0.1.1 | 112.16 | NOTE | |||
r-devel-linux-x86_64-fedora-gcc | 0.1.1 | 117.84 | NOTE | |||
r-devel-windows-x86_64 | 0.1.1 | 16.00 | 101.00 | 117.00 | OK | |
r-patched-linux-x86_64 | 0.1.1 | 10.78 | 50.72 | 61.50 | OK | |
r-release-linux-x86_64 | 0.1.1 | 11.54 | 49.54 | 61.08 | OK | |
r-release-macos-arm64 | 0.1.1 | 46.00 | OK | |||
r-release-macos-x86_64 | 0.1.1 | 116.00 | OK | |||
r-release-windows-x86_64 | 0.1.1 | 16.00 | 96.00 | 112.00 | OK | |
r-oldrel-macos-arm64 | 0.1.1 | 49.00 | OK | |||
r-oldrel-macos-x86_64 | 0.1.1 | 87.00 | OK | |||
r-oldrel-windows-x86_64 | 0.1.1 | 22.00 | 114.00 | 136.00 | OK |
Version: 0.1.1
Check: dependencies in R code
Result: NOTE
Namespaces in Imports field not imported from:
‘lifecycle’ ‘tools’
All declared Imports should be used.
Flavors: r-devel-linux-x86_64-fedora-clang, r-devel-linux-x86_64-fedora-gcc