Last updated on 2024-08-07 00:49:16 CEST.
Flavor | Version | Tinstall | Tcheck | Ttotal | Status | Flags |
---|---|---|---|---|---|---|
r-devel-linux-x86_64-debian-clang | 1.1.4 | 137.52 | 75.68 | 213.20 | OK | |
r-devel-linux-x86_64-debian-gcc | 1.1.4 | 111.67 | 52.02 | 163.69 | OK | |
r-devel-linux-x86_64-fedora-clang | 1.1.4 | 398.87 | OK | |||
r-devel-linux-x86_64-fedora-gcc | 1.1.4 | 487.11 | OK | |||
r-devel-windows-x86_64 | 1.1.4 | 173.00 | 125.00 | 298.00 | NOTE | |
r-patched-linux-x86_64 | 1.1.4 | 153.59 | 72.88 | 226.47 | OK | |
r-release-linux-x86_64 | 1.1.4 | 156.73 | 73.63 | 230.36 | OK | |
r-release-macos-arm64 | 1.1.4 | 97.00 | NOTE | |||
r-release-macos-x86_64 | 1.1.4 | 107.00 | NOTE | |||
r-release-windows-x86_64 | 1.1.4 | 169.00 | 122.00 | 291.00 | NOTE | |
r-oldrel-macos-arm64 | 1.1.4 | 120.00 | NOTE | |||
r-oldrel-macos-x86_64 | 1.1.4 | 213.00 | NOTE | |||
r-oldrel-windows-x86_64 | 1.1.4 | 199.00 | 149.00 | 348.00 | NOTE |
Version: 1.1.4
Check: installed package size
Result: NOTE
installed size is 5.7Mb
sub-directories of 1Mb or more:
lib 3.0Mb
libs 2.4Mb
Flavors: r-devel-windows-x86_64, r-release-macos-arm64, r-release-macos-x86_64, r-release-windows-x86_64, r-oldrel-macos-arm64, r-oldrel-macos-x86_64, r-oldrel-windows-x86_64