Last updated on 2024-08-07 00:49:16 CEST.
Flavor | Version | Tinstall | Tcheck | Ttotal | Status | Flags |
---|---|---|---|---|---|---|
r-devel-linux-x86_64-debian-clang | 1.3.0 | 3169.16 | 250.88 | 3420.04 | NOTE | |
r-devel-linux-x86_64-debian-gcc | 1.3.0 | 2106.99 | 356.50 | 2463.49 | NOTE | |
r-devel-windows-x86_64 | 1.3.0 | 2292.00 | 505.00 | 2797.00 | NOTE | |
r-patched-linux-x86_64 | 1.3.0 | 3135.31 | 488.66 | 3623.97 | NOTE | |
r-release-linux-x86_64 | 1.3.0 | 3201.73 | 486.21 | 3687.94 | NOTE | |
r-release-macos-arm64 | 1.3.0 | 1293.00 | NOTE | |||
r-release-macos-x86_64 | 1.3.0 | 868.00 | NOTE | |||
r-release-windows-x86_64 | 1.3.0 | 2223.00 | 500.00 | 2723.00 | NOTE | |
r-oldrel-macos-arm64 | 1.3.0 | 910.00 | NOTE | |||
r-oldrel-macos-x86_64 | 1.3.0 | 984.00 | NOTE | |||
r-oldrel-windows-x86_64 | 1.3.0 | 3172.00 | 619.00 | 3791.00 | NOTE |
Version: 1.3.0
Check: Rd cross-references
Result: NOTE
Found the following Rd file(s) with Rd \link{} targets missing package
anchors:
FlexReg-package.Rd: rstan
WAIC.Rd: loo, loo_compare, waic
convergence.diag.Rd: check_hmc_diagnostics
convergence.plot.Rd: ggplot2
curve.density.Rd: stat_function
flexreg.Rd: sampling
flexreg_binom.Rd: sampling
Please provide package anchors for all Rd \link{} targets not in the
package itself and the base packages.
Flavors: r-devel-linux-x86_64-debian-clang, r-devel-linux-x86_64-debian-gcc, r-devel-windows-x86_64
Version: 1.3.0
Check: for GNU extensions in Makefiles
Result: NOTE
GNU make is a SystemRequirements.
Flavors: r-devel-linux-x86_64-debian-clang, r-devel-linux-x86_64-debian-gcc, r-devel-windows-x86_64, r-patched-linux-x86_64, r-release-linux-x86_64, r-release-macos-arm64, r-release-macos-x86_64, r-release-windows-x86_64, r-oldrel-macos-arm64, r-oldrel-macos-x86_64, r-oldrel-windows-x86_64
Version: 1.3.0
Check: installed package size
Result: NOTE
installed size is 23.5Mb
sub-directories of 1Mb or more:
libs 22.3Mb
Flavors: r-devel-windows-x86_64, r-release-macos-arm64, r-release-macos-x86_64, r-release-windows-x86_64, r-oldrel-macos-arm64, r-oldrel-macos-x86_64, r-oldrel-windows-x86_64