Last updated on 2024-08-07 00:49:17 CEST.
Flavor | Version | Tinstall | Tcheck | Ttotal | Status | Flags |
---|---|---|---|---|---|---|
r-devel-linux-x86_64-debian-clang | 0.1 | 34.74 | 21.44 | 56.18 | OK | |
r-devel-linux-x86_64-debian-gcc | 0.1 | 22.55 | 17.31 | 39.86 | OK | |
r-devel-linux-x86_64-fedora-clang | 0.1 | 100.10 | OK | |||
r-devel-linux-x86_64-fedora-gcc | 0.1 | 102.44 | OK | |||
r-devel-windows-x86_64 | 0.1 | 37.00 | 62.00 | 99.00 | OK | |
r-patched-linux-x86_64 | 0.1 | 29.93 | 21.11 | 51.04 | OK | |
r-release-linux-x86_64 | 0.1 | 30.29 | 21.29 | 51.58 | OK | |
r-release-macos-arm64 | 0.1 | 29.00 | NOTE | |||
r-release-macos-x86_64 | 0.1 | 33.00 | NOTE | |||
r-release-windows-x86_64 | 0.1 | 37.00 | 60.00 | 97.00 | OK | |
r-oldrel-macos-arm64 | 0.1 | 35.00 | NOTE | |||
r-oldrel-macos-x86_64 | 0.1 | 52.00 | NOTE | |||
r-oldrel-windows-x86_64 | 0.1 | 42.00 | 66.00 | 108.00 | OK |
Version: 0.1
Check: installed package size
Result: NOTE
installed size is 7.4Mb
sub-directories of 1Mb or more:
libs 7.3Mb
Flavors: r-release-macos-arm64, r-release-macos-x86_64, r-oldrel-macos-arm64, r-oldrel-macos-x86_64